Last updated on 2025-11-26 09:51:12 CET.
| Flavor | Version | Tinstall | Tcheck | Ttotal | Status | Flags |
|---|---|---|---|---|---|---|
| r-devel-linux-x86_64-debian-clang | 0.1.1 | 7.64 | 67.42 | 75.06 | OK | |
| r-devel-linux-x86_64-debian-gcc | 0.1.1 | 5.50 | 50.85 | 56.35 | OK | |
| r-devel-linux-x86_64-fedora-clang | 0.1.1 | 18.00 | 97.06 | 115.06 | NOTE | |
| r-devel-linux-x86_64-fedora-gcc | 0.1.1 | 18.00 | 92.48 | 110.48 | NOTE | |
| r-devel-windows-x86_64 | 0.1.1 | 12.00 | 79.00 | 91.00 | OK | |
| r-patched-linux-x86_64 | 0.1.1 | 7.38 | 62.29 | 69.67 | OK | |
| r-release-linux-x86_64 | 0.1.1 | 8.03 | 62.40 | 70.43 | OK | |
| r-release-macos-arm64 | 0.1.1 | OK | ||||
| r-release-macos-x86_64 | 0.1.1 | 6.00 | 48.00 | 54.00 | OK | |
| r-release-windows-x86_64 | 0.1.1 | 10.00 | 79.00 | 89.00 | OK | |
| r-oldrel-macos-arm64 | 0.1.1 | OK | ||||
| r-oldrel-macos-x86_64 | 0.1.1 | 5.00 | 42.00 | 47.00 | OK | |
| r-oldrel-windows-x86_64 | 0.1.1 | 13.00 | 100.00 | 113.00 | OK |
Version: 0.1.1
Check: dependencies in R code
Result: NOTE
Namespace in Imports field not imported from: ‘dplyr’
All declared Imports should be used.
Flavors: r-devel-linux-x86_64-fedora-clang, r-devel-linux-x86_64-fedora-gcc