Last updated on 2025-11-26 05:51:32 CET.
| Flavor | Version | Tinstall | Tcheck | Ttotal | Status | Flags |
|---|---|---|---|---|---|---|
| r-devel-linux-x86_64-debian-clang | 0.2 | 8.68 | 76.64 | 85.32 | NOTE | |
| r-devel-linux-x86_64-debian-gcc | 0.2 | 6.60 | 58.34 | 64.94 | NOTE | |
| r-devel-linux-x86_64-fedora-clang | 0.2 | 17.00 | 112.00 | 129.00 | OK | |
| r-devel-linux-x86_64-fedora-gcc | 0.2 | 20.00 | 117.07 | 137.07 | OK | |
| r-devel-windows-x86_64 | 0.2 | 15.00 | 83.00 | 98.00 | OK | |
| r-patched-linux-x86_64 | 0.2 | 8.02 | 72.36 | 80.38 | OK | |
| r-release-linux-x86_64 | 0.2 | 6.52 | 72.01 | 78.53 | OK | |
| r-release-macos-arm64 | 0.2 | OK | ||||
| r-release-macos-x86_64 | 0.2 | 6.00 | 68.00 | 74.00 | OK | |
| r-release-windows-x86_64 | 0.2 | 10.00 | 91.00 | 101.00 | OK | |
| r-oldrel-macos-arm64 | 0.2 | OK | ||||
| r-oldrel-macos-x86_64 | 0.2 | 5.00 | 55.00 | 60.00 | OK | |
| r-oldrel-windows-x86_64 | 0.2 | 14.00 | 108.00 | 122.00 | OK |
Version: 0.2
Check: CRAN incoming feasibility
Result: NOTE
Maintainer: ‘Neeraj Bokde <neerajdhanraj@gmail.com>’
No Authors@R field in DESCRIPTION.
Please add one, modifying
Authors@R: person(given = "Neeraj",
family = "Bokde",
role = c("aut", "cre"),
email = "neerajdhanraj@gmail.com")
as necessary.
Package CITATION file contains call(s) to old-style personList() or
as.personList(). Please use c() on person objects instead.
Package CITATION file contains call(s) to old-style citEntry(). Please
use bibentry() instead.
Flavors: r-devel-linux-x86_64-debian-clang, r-devel-linux-x86_64-debian-gcc