Last updated on 2025-10-26 21:50:59 CET.
| Flavor | Version | Tinstall | Tcheck | Ttotal | Status | Flags |
|---|---|---|---|---|---|---|
| r-devel-linux-x86_64-debian-clang | 1.5.2 | 21.75 | 159.54 | 181.29 | NOTE | |
| r-devel-linux-x86_64-debian-gcc | 1.5.2 | 18.02 | 125.92 | 143.94 | NOTE | |
| r-devel-linux-x86_64-fedora-clang | 1.5.2 | 96.00 | 190.56 | 286.56 | NOTE | |
| r-devel-linux-x86_64-fedora-gcc | 1.5.2 | 167.00 | 165.42 | 332.42 | NOTE | |
| r-devel-windows-x86_64 | 1.5.2 | 313.00 | 280.00 | 593.00 | OK | |
| r-patched-linux-x86_64 | 1.5.2 | 23.77 | 144.42 | 168.19 | OK | |
| r-release-linux-x86_64 | 1.5.2 | 24.70 | 174.15 | 198.85 | OK | |
| r-release-macos-arm64 | 1.5.2 | 9.00 | 50.00 | 59.00 | OK | |
| r-release-macos-x86_64 | 1.5.2 | 22.00 | 131.00 | 153.00 | OK | |
| r-release-windows-x86_64 | 1.5.2 | 25.00 | 179.00 | 204.00 | OK | |
| r-oldrel-macos-arm64 | 1.5.2 | 12.00 | 80.00 | 92.00 | OK | |
| r-oldrel-macos-x86_64 | 1.5.2 | 21.00 | 130.00 | 151.00 | OK | |
| r-oldrel-windows-x86_64 | 1.5.2 | 36.00 | 239.00 | 275.00 | OK |
Version: 1.5.2
Check: Rd files
Result: NOTE
checkRd: (-1) make_deadata_fuzzy.Rd:96: height/width attributes should be in pixels
Flavors: r-devel-linux-x86_64-debian-clang, r-devel-linux-x86_64-debian-gcc, r-devel-linux-x86_64-fedora-clang, r-devel-linux-x86_64-fedora-gcc