Last updated on 2025-10-25 13:48:33 CEST.
| Flavor | Version | Tinstall | Tcheck | Ttotal | Status | Flags |
|---|---|---|---|---|---|---|
| r-devel-linux-x86_64-debian-clang | 0.1.0 | 20.26 | 26.05 | 46.31 | NOTE | |
| r-devel-linux-x86_64-debian-gcc | 0.1.0 | 13.42 | 21.35 | 34.77 | NOTE | |
| r-devel-linux-x86_64-fedora-clang | 0.1.0 | 64.00 | 17.81 | 81.81 | OK | |
| r-devel-linux-x86_64-fedora-gcc | 0.1.0 | 46.00 | 27.65 | 73.65 | OK | |
| r-devel-windows-x86_64 | 0.1.0 | 26.00 | 62.00 | 88.00 | OK | |
| r-patched-linux-x86_64 | 0.1.0 | 21.08 | 23.43 | 44.51 | OK | |
| r-release-linux-x86_64 | 0.1.0 | 20.92 | 23.73 | 44.65 | OK | |
| r-release-macos-arm64 | 0.1.0 | 9.00 | 17.00 | 26.00 | OK | |
| r-release-macos-x86_64 | 0.1.0 | 14.00 | 25.00 | 39.00 | OK | |
| r-release-windows-x86_64 | 0.1.0 | 26.00 | 61.00 | 87.00 | OK | |
| r-oldrel-macos-arm64 | 0.1.0 | 9.00 | 17.00 | 26.00 | OK | |
| r-oldrel-macos-x86_64 | 0.1.0 | 11.00 | 25.00 | 36.00 | OK | |
| r-oldrel-windows-x86_64 | 0.1.0 | 31.00 | 73.00 | 104.00 | OK |
Version: 0.1.0
Check: CRAN incoming feasibility
Result: NOTE
Maintainer: ‘Jonathan Berrisch <Jonathan@Berrisch.biz>’
The Description field contains
distance correlation (see Chaudhuri, Hu (2019) <arXiv:1810.11332>
Please refer to arXiv e-prints via their arXiv DOI <doi:10.48550/arXiv.YYMM.NNNNN>.
Flavors: r-devel-linux-x86_64-debian-clang, r-devel-linux-x86_64-debian-gcc