Last updated on 2025-10-25 05:49:59 CEST.
| Flavor | Version | Tinstall | Tcheck | Ttotal | Status | Flags |
|---|---|---|---|---|---|---|
| r-devel-linux-x86_64-debian-clang | 0.2-8 | 4.44 | 48.06 | 52.50 | OK | |
| r-devel-linux-x86_64-debian-gcc | 0.2-8 | 3.19 | 38.28 | 41.47 | OK | |
| r-devel-linux-x86_64-fedora-clang | 0.2-8 | 11.00 | 73.22 | 84.22 | OK | |
| r-devel-linux-x86_64-fedora-gcc | 0.2-8 | 93.84 | OK | |||
| r-devel-windows-x86_64 | 0.2-8 | 6.00 | 60.00 | 66.00 | OK | |
| r-patched-linux-x86_64 | 0.2-8 | 3.92 | 46.39 | 50.31 | OK | |
| r-release-linux-x86_64 | 0.2-8 | 4.38 | 46.48 | 50.86 | OK | |
| r-release-macos-arm64 | 0.2-8 | 2.00 | 41.00 | 43.00 | OK | |
| r-release-macos-x86_64 | 0.2-8 | 5.00 | 63.00 | 68.00 | OK | |
| r-release-windows-x86_64 | 0.2-8 | 7.00 | 63.00 | 70.00 | OK | |
| r-oldrel-macos-arm64 | 0.2-8 | 2.00 | 28.00 | 30.00 | NOTE | |
| r-oldrel-macos-x86_64 | 0.2-8 | 4.00 | 46.00 | 50.00 | NOTE | |
| r-oldrel-windows-x86_64 | 0.2-8 | 8.00 | 75.00 | 83.00 | NOTE |
Version: 0.2-8
Check: LazyData
Result: NOTE
'LazyData' is specified without a 'data' directory
Flavors: r-oldrel-macos-arm64, r-oldrel-macos-x86_64, r-oldrel-windows-x86_64