Last updated on 2025-11-26 05:51:31 CET.
| Flavor | Version | Tinstall | Tcheck | Ttotal | Status | Flags |
|---|---|---|---|---|---|---|
| r-devel-linux-x86_64-debian-clang | 1.0.5 | 1.37 | 23.26 | 24.63 | NOTE | |
| r-devel-linux-x86_64-debian-gcc | 1.0.5 | 1.33 | 18.87 | 20.20 | NOTE | |
| r-devel-linux-x86_64-fedora-clang | 1.0.5 | 36.98 | OK | |||
| r-devel-linux-x86_64-fedora-gcc | 1.0.5 | 35.41 | OK | |||
| r-devel-windows-x86_64 | 1.0.5 | 2.00 | 42.00 | 44.00 | OK | |
| r-patched-linux-x86_64 | 1.0.5 | 1.61 | 21.51 | 23.12 | OK | |
| r-release-linux-x86_64 | 1.0.5 | 1.53 | 21.48 | 23.01 | OK | |
| r-release-macos-arm64 | 1.0.5 | OK | ||||
| r-release-macos-x86_64 | 1.0.5 | 2.00 | 89.00 | 91.00 | OK | |
| r-release-windows-x86_64 | 1.0.5 | 3.00 | 88.00 | 91.00 | OK | |
| r-oldrel-macos-arm64 | 1.0.5 | OK | ||||
| r-oldrel-macos-x86_64 | 1.0.5 | 2.00 | 93.00 | 95.00 | OK | |
| r-oldrel-windows-x86_64 | 1.0.5 | 3.00 | 100.00 | 103.00 | OK |
Version: 1.0.5
Check: CRAN incoming feasibility
Result: NOTE
Maintainer: ‘Ryota Suzuki <suzuki@ef-prime.com>’
No Authors@R field in DESCRIPTION.
Please add one, modifying
Authors@R: person(given = "Ryota",
family = "Suzuki",
role = c("aut", "cre"),
email = "suzuki@ef-prime.com")
as necessary.
Flavors: r-devel-linux-x86_64-debian-clang, r-devel-linux-x86_64-debian-gcc