CRAN Package Check Results for Package dadjokeapi

Last updated on 2025-07-08 13:49:06 CEST.

Flavor Version Tinstall Tcheck Ttotal Status Flags
r-devel-linux-x86_64-debian-clang 1.0.2 3.98 34.71 38.69 OK
r-devel-linux-x86_64-debian-gcc 1.0.2 2.42 26.00 28.42 OK
r-devel-linux-x86_64-fedora-clang 1.0.2 57.40 OK
r-devel-linux-x86_64-fedora-gcc 1.0.2 52.69 OK
r-devel-windows-x86_64 1.0.2 5.00 50.00 55.00 OK
r-patched-linux-x86_64 1.0.2 3.59 31.17 34.76 OK
r-release-linux-x86_64 1.0.2 3.52 31.09 34.61 OK
r-release-macos-arm64 1.0.2 24.00 OK
r-release-macos-x86_64 1.0.2 34.00 OK
r-release-windows-x86_64 1.0.2 5.00 52.00 57.00 OK
r-oldrel-macos-arm64 1.0.2 29.00 NOTE
r-oldrel-macos-x86_64 1.0.2 35.00 NOTE
r-oldrel-windows-x86_64 1.0.2 7.00 60.00 67.00 NOTE

Check Details

Version: 1.0.2
Check: LazyData
Result: NOTE 'LazyData' is specified without a 'data' directory Flavors: r-oldrel-macos-arm64, r-oldrel-macos-x86_64, r-oldrel-windows-x86_64