Last updated on 2025-10-26 09:49:53 CET.
| Flavor | Version | Tinstall | Tcheck | Ttotal | Status | Flags |
|---|---|---|---|---|---|---|
| r-devel-linux-x86_64-debian-clang | 4.1.6 | 23.46 | 205.97 | 229.43 | NOTE | |
| r-devel-linux-x86_64-debian-gcc | 4.1.6 | 14.41 | 138.85 | 153.26 | NOTE | |
| r-devel-linux-x86_64-fedora-clang | 4.1.6 | 57.00 | 304.35 | 361.35 | OK | |
| r-devel-linux-x86_64-fedora-gcc | 4.1.6 | 96.00 | 274.85 | 370.85 | NOTE | |
| r-devel-windows-x86_64 | 4.1.6 | 25.00 | 238.00 | 263.00 | OK | |
| r-patched-linux-x86_64 | 4.1.6 | 25.76 | 193.35 | 219.11 | OK | |
| r-release-linux-x86_64 | 4.1.6 | 21.48 | 193.48 | 214.96 | OK | |
| r-release-macos-arm64 | 4.1.6 | 9.00 | 81.00 | 90.00 | OK | |
| r-release-macos-x86_64 | 4.1.6 | 22.00 | 168.00 | 190.00 | OK | |
| r-release-windows-x86_64 | 4.1.6 | 21.00 | 235.00 | 256.00 | OK | |
| r-oldrel-macos-arm64 | 4.1.6 | 9.00 | 78.00 | 87.00 | OK | |
| r-oldrel-macos-x86_64 | 4.1.6 | 17.00 | 161.00 | 178.00 | OK | |
| r-oldrel-windows-x86_64 | 4.1.6 | 30.00 | 311.00 | 341.00 | OK |
Version: 4.1.6
Check: Rd files
Result: NOTE
checkRd: (-1) dad-package.Rd:17-25: Only 2 columns allowed in this table (row 6 has 1)
Flavors: r-devel-linux-x86_64-debian-clang, r-devel-linux-x86_64-debian-gcc, r-devel-linux-x86_64-fedora-gcc