Last updated on 2025-11-26 05:51:31 CET.
| Flavor | Version | Tinstall | Tcheck | Ttotal | Status | Flags |
|---|---|---|---|---|---|---|
| r-devel-linux-x86_64-debian-clang | 1.0.1 | 3.91 | 44.06 | 47.97 | ERROR | |
| r-devel-linux-x86_64-debian-gcc | 1.0.1 | 2.85 | 35.06 | 37.91 | ERROR | |
| r-devel-linux-x86_64-fedora-clang | 1.0.2 | 30.00 | 50.30 | 80.30 | ERROR | |
| r-devel-linux-x86_64-fedora-gcc | 1.0.2 | 35.00 | 60.45 | 95.45 | ERROR | |
| r-devel-windows-x86_64 | 0.5.5 | 12.00 | 64.00 | 76.00 | OK | |
| r-patched-linux-x86_64 | 0.5.5 | 5.57 | 42.67 | 48.24 | OK | |
| r-release-linux-x86_64 | 0.5.5 | 4.96 | 42.25 | 47.21 | OK | |
| r-release-macos-arm64 | 1.0.2 | 1.00 | 42.00 | 43.00 | OK | |
| r-release-macos-x86_64 | 1.0.2 | 5.00 | 240.00 | 245.00 | OK | |
| r-release-windows-x86_64 | 0.5.5 | 8.00 | 68.00 | 76.00 | OK | |
| r-oldrel-macos-arm64 | 1.0.2 | 1.00 | 45.00 | 46.00 | NOTE | |
| r-oldrel-macos-x86_64 | 1.0.2 | 14.00 | 288.00 | 302.00 | NOTE | |
| r-oldrel-windows-x86_64 | 1.0.2 | 11.00 | 166.00 | 177.00 | NOTE |
Version: 1.0.1
Check: re-building of vignette outputs
Result: ERROR
Error(s) in re-building vignettes:
...
--- re-building ‘examples.Rmd’ using rmarkdown
Quitting from examples.Rmd:554-583 [geomap1]
~~~~~~~~~~~~~~~~~~~~~~~~~~~~~~~~~~~~~~~~~~~~~~~~~~~~~~~~~~~~~~~~~~~~~~~~~~~~~~~~
<error/rlang_error>
Error in `d3po.sf()`:
! Package 'geojsonsf' is required for GeoJSON conversion
---
Backtrace:
▆
1. ├─... %>% po_labels(title = "Trade Volume by Country in 2023")
2. ├─d3po::po_labels(., title = "Trade Volume by Country in 2023")
3. ├─d3po::po_geomap(...)
4. ├─d3po::d3po(world, width = 800, height = 600)
5. └─d3po:::d3po.sf(world, width = 800, height = 600)
~~~~~~~~~~~~~~~~~~~~~~~~~~~~~~~~~~~~~~~~~~~~~~~~~~~~~~~~~~~~~~~~~~~~~~~~~~~~~~~~
Error: processing vignette 'examples.Rmd' failed with diagnostics:
Package 'geojsonsf' is required for GeoJSON conversion
--- failed re-building ‘examples.Rmd’
SUMMARY: processing the following file failed:
‘examples.Rmd’
Error: Vignette re-building failed.
Execution halted
Flavors: r-devel-linux-x86_64-debian-clang, r-devel-linux-x86_64-debian-gcc
Version: 1.0.2
Check: re-building of vignette outputs
Result: ERROR
Error(s) in re-building vignettes:
--- re-building ‘examples.Rmd’ using rmarkdown
Quitting from examples.Rmd:554-583 [geomap1]
~~~~~~~~~~~~~~~~~~~~~~~~~~~~~~~~~~~~~~~~~~~~~~~~~~~~~~~~~~~~~~~~~~~~~~~~~~~~~~~~
<error/rlang_error>
Error in `d3po.sf()`:
! Package 'geojsonsf' is required for GeoJSON conversion
---
Backtrace:
▆
1. ├─... %>% po_labels(title = "Trade Volume by Country in 2023")
2. ├─d3po::po_labels(., title = "Trade Volume by Country in 2023")
3. ├─d3po::po_geomap(...)
4. ├─d3po::d3po(world, width = 800, height = 600)
5. └─d3po:::d3po.sf(world, width = 800, height = 600)
~~~~~~~~~~~~~~~~~~~~~~~~~~~~~~~~~~~~~~~~~~~~~~~~~~~~~~~~~~~~~~~~~~~~~~~~~~~~~~~~
Error: processing vignette 'examples.Rmd' failed with diagnostics:
Package 'geojsonsf' is required for GeoJSON conversion
--- failed re-building ‘examples.Rmd’
SUMMARY: processing the following file failed:
‘examples.Rmd’
Error: Vignette re-building failed.
Execution halted
Flavors: r-devel-linux-x86_64-fedora-clang, r-devel-linux-x86_64-fedora-gcc
Version: 1.0.2
Check: installed package size
Result: NOTE
installed size is 8.7Mb
sub-directories of 1Mb or more:
data 2.5Mb
doc 5.4Mb
Flavors: r-oldrel-macos-arm64, r-oldrel-macos-x86_64, r-oldrel-windows-x86_64