Last updated on 2025-10-25 05:49:59 CEST.
| Flavor | Version | Tinstall | Tcheck | Ttotal | Status | Flags |
|---|---|---|---|---|---|---|
| r-devel-linux-x86_64-debian-clang | 1.0.2 | 3.14 | 24.42 | 27.56 | NOTE | |
| r-devel-linux-x86_64-debian-gcc | 1.0.2 | 2.17 | 19.49 | 21.66 | NOTE | |
| r-devel-linux-x86_64-fedora-clang | 1.0.2 | 40.72 | OK | |||
| r-devel-linux-x86_64-fedora-gcc | 1.0.2 | 37.57 | OK | |||
| r-devel-windows-x86_64 | 1.0.2 | 4.00 | 41.00 | 45.00 | OK | |
| r-patched-linux-x86_64 | 1.0.2 | 2.86 | 22.68 | 25.54 | OK | |
| r-release-linux-x86_64 | 1.0.2 | 3.08 | 22.87 | 25.95 | OK | |
| r-release-macos-arm64 | 1.0.2 | 2.00 | 14.00 | 16.00 | OK | |
| r-release-macos-x86_64 | 1.0.2 | 2.00 | 26.00 | 28.00 | OK | |
| r-release-windows-x86_64 | 1.0.2 | 4.00 | 43.00 | 47.00 | OK | |
| r-oldrel-macos-arm64 | 1.0.2 | 2.00 | 15.00 | 17.00 | OK | |
| r-oldrel-macos-x86_64 | 1.0.2 | 4.00 | 26.00 | 30.00 | OK | |
| r-oldrel-windows-x86_64 | 1.0.2 | 5.00 | 48.00 | 53.00 | OK |
Version: 1.0.2
Check: CRAN incoming feasibility
Result: NOTE
Maintainer: ‘Jiqiang Guo <guojq28@gmail.com>’
No Authors@R field in DESCRIPTION.
Please add one, modifying
Authors@R: person(given = "Jiqiang",
family = "Guo",
role = c("aut", "cre"),
email = "guojq28@gmail.com")
as necessary.
Flavors: r-devel-linux-x86_64-debian-clang, r-devel-linux-x86_64-debian-gcc