CRAN Package Check Results for Package cultevo

Last updated on 2025-11-26 17:49:50 CET.

Flavor Version Tinstall Tcheck Ttotal Status Flags
r-devel-linux-x86_64-debian-clang 1.0.2 3.93 47.26 51.19 NOTE
r-devel-linux-x86_64-debian-gcc 1.0.2 2.71 34.44 37.15 NOTE
r-devel-linux-x86_64-fedora-clang 1.0.2 78.09 NOTE
r-devel-linux-x86_64-fedora-gcc 1.0.2 87.34 NOTE
r-devel-windows-x86_64 1.0.2 5.00 62.00 67.00 OK
r-patched-linux-x86_64 1.0.2 3.47 43.15 46.62 OK
r-release-linux-x86_64 1.0.2 3.52 42.94 46.46 OK
r-release-macos-arm64 1.0.2 OK
r-release-macos-x86_64 1.0.2 3.00 57.00 60.00 OK
r-release-windows-x86_64 1.0.2 5.00 67.00 72.00 OK
r-oldrel-macos-arm64 1.0.2 OK
r-oldrel-macos-x86_64 1.0.2 3.00 42.00 45.00 OK
r-oldrel-windows-x86_64 1.0.2 7.00 73.00 80.00 OK

Check Details

Version: 1.0.2
Check: CRAN incoming feasibility
Result: NOTE Maintainer: ‘Kevin Stadler <a00425926@unet.univie.ac.at>’ Found the following URLs which should use \doi (with the DOI name only): File ‘mantel.test.Rd’: https://doi.org/10.1093/sysbio/32.1.21 https://doi.org/10.1086/341527 Flavors: r-devel-linux-x86_64-debian-clang, r-devel-linux-x86_64-debian-gcc

Version: 1.0.2
Check: dependencies in R code
Result: NOTE Namespace in Imports field not imported from: ‘pspearman’ All declared Imports should be used. Flavors: r-devel-linux-x86_64-fedora-clang, r-devel-linux-x86_64-fedora-gcc