Last updated on 2025-11-26 17:49:50 CET.
| Flavor | Version | Tinstall | Tcheck | Ttotal | Status | Flags |
|---|---|---|---|---|---|---|
| r-devel-linux-x86_64-debian-clang | 1.0.0 | 14.25 | 135.16 | 149.41 | NOTE | |
| r-devel-linux-x86_64-debian-gcc | 1.0.0 | 10.30 | 97.79 | 108.09 | NOTE | |
| r-devel-linux-x86_64-fedora-clang | 1.0.0 | 28.00 | 202.09 | 230.09 | NOTE | |
| r-devel-linux-x86_64-fedora-gcc | 1.0.0 | 29.00 | 203.56 | 232.56 | NOTE | |
| r-devel-windows-x86_64 | 1.0.0 | 17.00 | 122.00 | 139.00 | NOTE | |
| r-patched-linux-x86_64 | 1.0.0 | 13.25 | 127.75 | 141.00 | NOTE | |
| r-release-linux-x86_64 | 1.0.0 | 13.83 | 129.01 | 142.84 | NOTE | |
| r-release-macos-arm64 | 1.0.0 | NOTE | ||||
| r-release-macos-x86_64 | 1.0.0 | 12.00 | 116.00 | 128.00 | NOTE | |
| r-release-windows-x86_64 | 1.0.0 | 16.00 | 131.00 | 147.00 | NOTE | |
| r-oldrel-macos-arm64 | 1.0.0 | OK | ||||
| r-oldrel-macos-x86_64 | 1.0.0 | 12.00 | 128.00 | 140.00 | OK | |
| r-oldrel-windows-x86_64 | 1.0.0 | 19.00 | 159.00 | 178.00 | OK |
Version: 1.0.0
Check: DESCRIPTION meta-information
Result: NOTE
Missing dependency on R >= 4.1.0 because package code uses the pipe
|> or function shorthand \(...) syntax added in R 4.1.0.
File(s) using such syntax:
‘apply_by_blocks.R’ ‘balance_by_blocks.Rd’ ‘balance_matrix.R’
‘balance_matrix.Rd’ ‘make_non_negative.Rd’ ‘round_by_blocks.Rd’
‘round_matrix.R’ ‘round_matrix.Rd’ ‘round_vector.Rd’
Flavors: r-devel-linux-x86_64-debian-clang, r-devel-linux-x86_64-debian-gcc, r-devel-linux-x86_64-fedora-clang, r-devel-linux-x86_64-fedora-gcc, r-devel-windows-x86_64, r-patched-linux-x86_64, r-release-linux-x86_64, r-release-macos-arm64, r-release-macos-x86_64, r-release-windows-x86_64