Last updated on 2025-07-12 21:50:40 CEST.
Flavor | Version | Tinstall | Tcheck | Ttotal | Status | Flags |
---|---|---|---|---|---|---|
r-devel-linux-x86_64-debian-clang | 1.0.0 | 69.84 | 164.50 | 234.34 | OK | |
r-devel-linux-x86_64-debian-gcc | 1.0.0 | 55.72 | 125.45 | 181.17 | OK | |
r-devel-linux-x86_64-fedora-clang | 1.0.0 | 374.44 | OK | |||
r-devel-linux-x86_64-fedora-gcc | 1.0.0 | 386.61 | OK | |||
r-devel-windows-x86_64 | 1.0.0 | 65.00 | 177.00 | 242.00 | OK | |
r-patched-linux-x86_64 | 1.0.0 | 77.63 | 161.63 | 239.26 | OK | |
r-release-linux-x86_64 | 1.0.0 | 74.72 | 159.99 | 234.71 | OK | |
r-release-macos-arm64 | 1.0.0 | 122.00 | OK | |||
r-release-macos-x86_64 | 1.0.0 | 301.00 | OK | |||
r-release-windows-x86_64 | 1.0.0 | 72.00 | 184.00 | 256.00 | OK | |
r-oldrel-macos-arm64 | 1.0.0 | 128.00 | NOTE | |||
r-oldrel-macos-x86_64 | 1.0.0 | 206.00 | NOTE | |||
r-oldrel-windows-x86_64 | 1.0.0 | 84.00 | 221.00 | 305.00 | NOTE |
Version: 1.0.0
Check: package dependencies
Result: NOTE
Package suggested but not available for checking: ‘RTMBode’
Flavors: r-oldrel-macos-arm64, r-oldrel-macos-x86_64, r-oldrel-windows-x86_64
Version: 1.0.0
Check: installed package size
Result: NOTE
installed size is 21.4Mb
sub-directories of 1Mb or more:
doc 1.7Mb
libs 19.1Mb
Flavors: r-oldrel-macos-arm64, r-oldrel-macos-x86_64