Last updated on 2025-11-26 09:51:11 CET.
| Flavor | Version | Tinstall | Tcheck | Ttotal | Status | Flags |
|---|---|---|---|---|---|---|
| r-devel-linux-x86_64-debian-clang | 0.0.3 | 5.74 | 2.28 | 8.02 | ERROR | |
| r-devel-linux-x86_64-debian-gcc | 0.0.3 | 3.80 | 1.86 | 5.66 | ERROR | |
| r-devel-linux-x86_64-fedora-clang | 0.0.3 | 19.00 | 20.46 | 39.46 | OK | |
| r-devel-linux-x86_64-fedora-gcc | 0.0.3 | 16.00 | 21.49 | 37.49 | OK | |
| r-devel-windows-x86_64 | 0.0.3 | 40.00 | 40.00 | 80.00 | OK | |
| r-patched-linux-x86_64 | 0.0.3 | 5.70 | 18.15 | 23.85 | OK | |
| r-release-linux-x86_64 | 0.0.3 | 6.10 | 18.19 | 24.29 | OK | |
| r-release-macos-arm64 | 0.0.3 | OK | ||||
| r-release-macos-x86_64 | 0.0.3 | 20.00 | 20.00 | 40.00 | OK | |
| r-release-windows-x86_64 | 0.0.3 | 22.00 | 52.00 | 74.00 | OK | |
| r-oldrel-macos-arm64 | 0.0.3 | OK | ||||
| r-oldrel-macos-x86_64 | 0.0.3 | 17.00 | 26.00 | 43.00 | OK | |
| r-oldrel-windows-x86_64 | 0.0.3 | 24.00 | 46.00 | 70.00 | OK |
Version: 0.0.3
Check: whether package can be installed
Result: ERROR
Installation failed.
Flavors: r-devel-linux-x86_64-debian-clang, r-devel-linux-x86_64-debian-gcc