Last updated on 2025-10-26 05:49:54 CET.
| Flavor | Version | Tinstall | Tcheck | Ttotal | Status | Flags |
|---|---|---|---|---|---|---|
| r-devel-linux-x86_64-debian-clang | 0.2.0 | 1.37 | 21.28 | 22.65 | NOTE | |
| r-devel-linux-x86_64-debian-gcc | 0.2.0 | 1.34 | 17.52 | 18.86 | NOTE | |
| r-devel-linux-x86_64-fedora-clang | 0.2.0 | 24.85 | OK | |||
| r-devel-linux-x86_64-fedora-gcc | 0.2.0 | 30.36 | OK | |||
| r-devel-windows-x86_64 | 0.2.0 | 3.00 | 40.00 | 43.00 | OK | |
| r-patched-linux-x86_64 | 0.2.0 | 1.74 | 19.13 | 20.87 | OK | |
| r-release-linux-x86_64 | 0.2.0 | 1.62 | 18.87 | 20.49 | OK | |
| r-release-macos-arm64 | 0.2.0 | 1.00 | 16.00 | 17.00 | OK | |
| r-release-macos-x86_64 | 0.2.0 | 3.00 | 32.00 | 35.00 | OK | |
| r-release-windows-x86_64 | 0.2.0 | 2.00 | 41.00 | 43.00 | OK | |
| r-oldrel-macos-arm64 | 0.2.0 | 1.00 | 14.00 | 15.00 | OK | |
| r-oldrel-macos-x86_64 | 0.2.0 | 2.00 | 23.00 | 25.00 | OK | |
| r-oldrel-windows-x86_64 | 0.2.0 | 5.00 | 44.00 | 49.00 | OK |
Version: 0.2.0
Check: CRAN incoming feasibility
Result: NOTE
Maintainer: ‘Jacob Anhøj <jacob@anhoej.net>’
No Authors@R field in DESCRIPTION.
Please add one, modifying
Authors@R: c(person(given = "Jacob",
family = "Anhoej",
role = "aut"),
person(given = "Jacob",
family = "Anhøj",
role = "cre",
email = "jacob@anhoej.net"))
as necessary.
Flavors: r-devel-linux-x86_64-debian-clang, r-devel-linux-x86_64-debian-gcc