CRAN Package Check Results for Package covid19.analytics

Last updated on 2025-07-08 21:48:22 CEST.

Flavor Version Tinstall Tcheck Ttotal Status Flags
r-devel-linux-x86_64-debian-clang 2.1.3.3 13.81 296.18 309.99 NOTE
r-devel-linux-x86_64-debian-gcc 2.1.3.3 8.92 187.68 196.60 NOTE
r-devel-linux-x86_64-fedora-clang 2.1.3.3 495.77 OK
r-devel-linux-x86_64-fedora-gcc 2.1.3.3 479.35 OK
r-devel-windows-x86_64 2.1.3.3 14.00 270.00 284.00 OK
r-patched-linux-x86_64 2.1.3.3 14.56 278.08 292.64 OK
r-release-linux-x86_64 2.1.3.3 13.78 273.93 287.71 OK
r-release-macos-arm64 2.1.3.3 137.00 OK
r-release-macos-x86_64 2.1.3.3 240.00 OK
r-release-windows-x86_64 2.1.3.3 17.00 264.00 281.00 OK
r-oldrel-macos-arm64 2.1.3.3 139.00 NOTE
r-oldrel-macos-x86_64 2.1.3.3 204.00 NOTE
r-oldrel-windows-x86_64 2.1.3.3 22.00 336.00 358.00 NOTE

Check Details

Version: 2.1.3.3
Check: CRAN incoming feasibility
Result: NOTE Maintainer: ‘Marcelo Ponce <m.ponce@utoronto.ca>’ No Authors@R field in DESCRIPTION. Please add one, modifying Authors@R: c(person(given = "Marcelo", family = "Ponce", role = c("aut", "cre"), email = "m.ponce@utoronto.ca"), person(given = "Amit", family = "Sandhel", role = "ctb")) as necessary. Flavors: r-devel-linux-x86_64-debian-clang, r-devel-linux-x86_64-debian-gcc

Version: 2.1.3.3
Check: installed package size
Result: NOTE installed size is 5.1Mb sub-directories of 1Mb or more: doc 1.6Mb extdata 2.6Mb Flavors: r-oldrel-macos-arm64, r-oldrel-macos-x86_64, r-oldrel-windows-x86_64