CRAN Package Check Results for Package countts

Last updated on 2025-07-10 01:50:40 CEST.

Flavor Version Tinstall Tcheck Ttotal Status Flags
r-devel-linux-x86_64-debian-clang 0.1.0 5.43 53.39 58.82 NOTE
r-devel-linux-x86_64-debian-gcc 0.1.0 4.21 37.35 41.56 NOTE
r-devel-linux-x86_64-fedora-clang 0.1.0 89.48 OK
r-devel-linux-x86_64-fedora-gcc 0.1.0 84.76 OK
r-devel-windows-x86_64 0.1.0 7.00 67.00 74.00 OK
r-patched-linux-x86_64 0.1.0 5.80 49.78 55.58 OK
r-release-linux-x86_64 0.1.0 5.78 50.26 56.04 OK
r-release-macos-arm64 0.1.0 32.00 OK
r-release-macos-x86_64 0.1.0 47.00 OK
r-release-windows-x86_64 0.1.0 7.00 65.00 72.00 OK
r-oldrel-macos-arm64 0.1.0 27.00 OK
r-oldrel-macos-x86_64 0.1.0 44.00 OK
r-oldrel-windows-x86_64 0.1.0 9.00 78.00 87.00 OK

Check Details

Version: 0.1.0
Check: CRAN incoming feasibility
Result: NOTE Maintainer: ‘Tanujit Chakraborty <tanujitisi@gmail.com>’ The Description field contains is based on the algorithms by Liu et al. (2023) <arXiv:2311.14359>. Please refer to arXiv e-prints via their arXiv DOI <doi:10.48550/arXiv.YYMM.NNNNN>. Flavors: r-devel-linux-x86_64-debian-clang, r-devel-linux-x86_64-debian-gcc