CRAN Package Check Results for Package corrr

Last updated on 2025-07-08 17:49:41 CEST.

Flavor Version Tinstall Tcheck Ttotal Status Flags
r-devel-linux-x86_64-debian-clang 0.4.4 6.26 89.77 96.03 NOTE
r-devel-linux-x86_64-debian-gcc 0.4.4 3.86 62.51 66.37 NOTE
r-devel-linux-x86_64-fedora-clang 0.4.4 146.16 OK
r-devel-linux-x86_64-fedora-gcc 0.4.4 147.26 OK
r-devel-windows-x86_64 0.4.4 7.00 96.00 103.00 NOTE
r-patched-linux-x86_64 0.4.4 6.04 82.17 88.21 NOTE
r-release-linux-x86_64 0.4.4 5.95 80.96 86.91 NOTE
r-release-macos-arm64 0.4.4 43.00 OK
r-release-macos-x86_64 0.4.4 97.00 OK
r-release-windows-x86_64 0.4.4 8.00 99.00 107.00 NOTE
r-oldrel-macos-arm64 0.4.4 50.00 OK
r-oldrel-macos-x86_64 0.4.4 96.00 OK
r-oldrel-windows-x86_64 0.4.4 10.00 123.00 133.00 OK

Check Details

Version: 0.4.4
Check: Rd cross-references
Result: NOTE Found the following Rd file(s) with Rd \link{} targets missing package anchors: rplot.Rd: geom_point Please provide package anchors for all Rd \link{} targets not in the package itself and the base packages. Flavors: r-devel-linux-x86_64-debian-clang, r-devel-linux-x86_64-debian-gcc, r-devel-windows-x86_64, r-patched-linux-x86_64, r-release-linux-x86_64, r-release-windows-x86_64