Last updated on 2025-10-25 09:49:26 CEST.
| Flavor | Version | Tinstall | Tcheck | Ttotal | Status | Flags |
|---|---|---|---|---|---|---|
| r-devel-linux-x86_64-debian-clang | 0.7.4 | 6.30 | 139.07 | 145.37 | OK | |
| r-devel-linux-x86_64-debian-gcc | 0.7.4 | 4.64 | 88.19 | 92.83 | OK | |
| r-devel-linux-x86_64-fedora-clang | 0.7.4 | 165.20 | OK | |||
| r-devel-linux-x86_64-fedora-gcc | 0.7.4 | 15.00 | 211.17 | 226.17 | OK | |
| r-devel-windows-x86_64 | 0.7.4 | 9.00 | 151.00 | 160.00 | OK | |
| r-patched-linux-x86_64 | 0.7.4 | 7.24 | 128.81 | 136.05 | OK | |
| r-release-linux-x86_64 | 0.7.4 | 5.92 | 126.71 | 132.63 | OK | |
| r-release-macos-arm64 | 0.7.4 | 3.00 | 68.00 | 71.00 | OK | |
| r-release-macos-x86_64 | 0.7.4 | 7.00 | 152.00 | 159.00 | OK | |
| r-release-windows-x86_64 | 0.7.4 | 8.00 | 154.00 | 162.00 | OK | |
| r-oldrel-macos-arm64 | 0.7.4 | 3.00 | 81.00 | 84.00 | NOTE | |
| r-oldrel-macos-x86_64 | 0.7.4 | 4.00 | 112.00 | 116.00 | NOTE | |
| r-oldrel-windows-x86_64 | 0.7.4 | 9.00 | 212.00 | 221.00 | NOTE |
Version: 0.7.4
Check: installed package size
Result: NOTE
installed size is 18.0Mb
sub-directories of 1Mb or more:
extdata 17.7Mb
Flavors: r-oldrel-macos-arm64, r-oldrel-macos-x86_64, r-oldrel-windows-x86_64