Last updated on 2025-10-25 09:49:26 CEST.
| Flavor | Version | Tinstall | Tcheck | Ttotal | Status | Flags |
|---|---|---|---|---|---|---|
| r-devel-linux-x86_64-debian-clang | 2.2.9 | 14.45 | 136.68 | 151.13 | NOTE | |
| r-devel-linux-x86_64-debian-gcc | 2.2.9 | 9.07 | 87.25 | 96.32 | NOTE | |
| r-devel-linux-x86_64-fedora-clang | 2.2.9 | 18.00 | 144.82 | 162.82 | OK | |
| r-devel-linux-x86_64-fedora-gcc | 2.2.9 | 80.00 | 164.02 | 244.02 | NOTE | |
| r-devel-windows-x86_64 | 2.2.9 | 16.00 | 171.00 | 187.00 | OK | |
| r-patched-linux-x86_64 | 2.2.9 | 20.69 | 129.87 | 150.56 | OK | |
| r-release-linux-x86_64 | 2.2.9 | 14.40 | 131.05 | 145.45 | OK | |
| r-release-macos-arm64 | 2.2.9 | 6.00 | 60.00 | 66.00 | OK | |
| r-release-macos-x86_64 | 2.2.9 | 37.00 | 276.00 | 313.00 | OK | |
| r-release-windows-x86_64 | 2.2.9 | 16.00 | 174.00 | 190.00 | OK | |
| r-oldrel-macos-arm64 | 2.2.9 | 11.00 | 119.00 | 130.00 | OK | |
| r-oldrel-macos-x86_64 | 2.2.9 | 25.00 | 260.00 | 285.00 | OK | |
| r-oldrel-windows-x86_64 | 2.2.9 | 23.00 | 207.00 | 230.00 | OK |
Version: 2.2.9
Check: Rd files
Result: NOTE
checkRd: (-1) copBasic-package.Rd:62-110: Only 4 columns allowed in this table (row 48 has 1)
Flavors: r-devel-linux-x86_64-debian-clang, r-devel-linux-x86_64-debian-gcc, r-devel-linux-x86_64-fedora-gcc