Last updated on 2025-10-26 13:49:52 CET.
| Flavor | Version | Tinstall | Tcheck | Ttotal | Status | Flags |
|---|---|---|---|---|---|---|
| r-devel-linux-x86_64-debian-clang | 0.1.4 | 28.10 | 48.11 | 76.21 | OK | |
| r-devel-linux-x86_64-debian-gcc | 0.1.4 | 17.79 | 35.98 | 53.77 | OK | |
| r-devel-linux-x86_64-fedora-clang | 0.1.4 | 21.00 | 69.83 | 90.83 | NOTE | |
| r-devel-linux-x86_64-fedora-gcc | 0.1.4 | 56.00 | 80.15 | 136.15 | NOTE | |
| r-devel-windows-x86_64 | 0.1.4 | 34.00 | 85.00 | 119.00 | OK | |
| r-patched-linux-x86_64 | 0.1.4 | 28.74 | 45.57 | 74.31 | OK | |
| r-release-linux-x86_64 | 0.1.4 | 31.21 | 45.73 | 76.94 | OK | |
| r-release-macos-arm64 | 0.1.4 | 12.00 | 33.00 | 45.00 | OK | |
| r-release-macos-x86_64 | 0.1.4 | 15.00 | 53.00 | 68.00 | OK | |
| r-release-windows-x86_64 | 0.1.4 | 33.00 | 91.00 | 124.00 | OK | |
| r-oldrel-macos-arm64 | 0.1.4 | 9.00 | 34.00 | 43.00 | OK | |
| r-oldrel-macos-x86_64 | 0.1.4 | 34.00 | 63.00 | 97.00 | OK | |
| r-oldrel-windows-x86_64 | 0.1.4 | 41.00 | 106.00 | 147.00 | OK |
Version: 0.1.4
Check: dependencies in R code
Result: NOTE
Namespaces in Imports field not imported from:
‘fields’ ‘knitr’
All declared Imports should be used.
Flavors: r-devel-linux-x86_64-fedora-clang, r-devel-linux-x86_64-fedora-gcc