Last updated on 2025-07-18 09:51:03 CEST.
Flavor | Version | Tinstall | Tcheck | Ttotal | Status | Flags |
---|---|---|---|---|---|---|
r-devel-linux-x86_64-debian-clang | 0.1.3 | 8.87 | 87.80 | 96.67 | OK | |
r-devel-linux-x86_64-debian-gcc | 0.1.3 | 6.53 | 64.57 | 71.10 | OK | |
r-devel-linux-x86_64-fedora-clang | 0.1.3 | 150.88 | NOTE | |||
r-devel-linux-x86_64-fedora-gcc | 0.1.3 | 158.17 | NOTE | |||
r-devel-windows-x86_64 | 0.1.3 | 12.00 | 100.00 | 112.00 | OK | |
r-patched-linux-x86_64 | 0.1.3 | 8.25 | 83.07 | 91.32 | OK | |
r-release-linux-x86_64 | 0.1.3 | 8.91 | 82.87 | 91.78 | OK | |
r-release-macos-arm64 | 0.1.3 | 61.00 | OK | |||
r-release-macos-x86_64 | 0.1.3 | 109.00 | OK | |||
r-release-windows-x86_64 | 0.1.3 | 10.00 | 98.00 | 108.00 | OK | |
r-oldrel-macos-arm64 | 0.1.3 | 48.00 | OK | |||
r-oldrel-macos-x86_64 | 0.1.3 | 77.00 | OK | |||
r-oldrel-windows-x86_64 | 0.1.3 | 14.00 | 123.00 | 137.00 | OK |
Version: 0.1.3
Check: dependencies in R code
Result: NOTE
Namespace in Imports field not imported from: ‘MPV’
All declared Imports should be used.
Flavors: r-devel-linux-x86_64-fedora-clang, r-devel-linux-x86_64-fedora-gcc