Last updated on 2025-10-26 05:49:54 CET.
| Flavor | Version | Tinstall | Tcheck | Ttotal | Status | Flags |
|---|---|---|---|---|---|---|
| r-devel-linux-x86_64-debian-clang | 0.1.3 | 9.66 | 89.80 | 99.46 | OK | |
| r-devel-linux-x86_64-debian-gcc | 0.1.3 | 6.59 | 66.51 | 73.10 | OK | |
| r-devel-linux-x86_64-fedora-clang | 0.1.3 | 11.00 | 101.48 | 112.48 | NOTE | |
| r-devel-linux-x86_64-fedora-gcc | 0.1.3 | 20.00 | 140.76 | 160.76 | NOTE | |
| r-devel-windows-x86_64 | 0.1.3 | 11.00 | 99.00 | 110.00 | OK | |
| r-patched-linux-x86_64 | 0.1.3 | 8.45 | 86.17 | 94.62 | OK | |
| r-release-linux-x86_64 | 0.1.3 | 9.07 | 84.72 | 93.79 | OK | |
| r-release-macos-arm64 | 0.1.3 | 5.00 | 56.00 | 61.00 | OK | |
| r-release-macos-x86_64 | 0.1.3 | 10.00 | 99.00 | 109.00 | OK | |
| r-release-windows-x86_64 | 0.1.3 | 11.00 | 101.00 | 112.00 | OK | |
| r-oldrel-macos-arm64 | 0.1.3 | 4.00 | 44.00 | 48.00 | OK | |
| r-oldrel-macos-x86_64 | 0.1.3 | 7.00 | 70.00 | 77.00 | OK | |
| r-oldrel-windows-x86_64 | 0.1.3 | 14.00 | 128.00 | 142.00 | OK |
Version: 0.1.3
Check: dependencies in R code
Result: NOTE
Namespace in Imports field not imported from: ‘MPV’
All declared Imports should be used.
Flavors: r-devel-linux-x86_64-fedora-clang, r-devel-linux-x86_64-fedora-gcc