Last updated on 2025-11-26 17:49:49 CET.
| Flavor | Version | Tinstall | Tcheck | Ttotal | Status | Flags |
|---|---|---|---|---|---|---|
| r-devel-linux-x86_64-debian-clang | 0.4.0 | 8.86 | 62.00 | 70.86 | NOTE | |
| r-devel-linux-x86_64-debian-gcc | 0.4.0 | 5.47 | 43.84 | 49.31 | NOTE | |
| r-devel-linux-x86_64-fedora-clang | 0.4.0 | 36.00 | 81.64 | 117.64 | NOTE | |
| r-devel-linux-x86_64-fedora-gcc | 0.4.0 | 17.00 | 83.93 | 100.93 | NOTE | |
| r-devel-windows-x86_64 | 0.4.0 | 15.00 | 71.00 | 86.00 | NOTE | |
| r-patched-linux-x86_64 | 0.4.0 | 8.58 | 57.88 | 66.46 | NOTE | |
| r-release-linux-x86_64 | 0.4.0 | 7.96 | 58.24 | 66.20 | NOTE | |
| r-release-macos-arm64 | 0.4.0 | NOTE | ||||
| r-release-macos-x86_64 | 0.4.0 | 6.00 | 44.00 | 50.00 | NOTE | |
| r-release-windows-x86_64 | 0.4.0 | 10.00 | 70.00 | 80.00 | NOTE | |
| r-oldrel-macos-arm64 | 0.4.0 | NOTE | ||||
| r-oldrel-macos-x86_64 | 0.4.0 | 5.00 | 35.00 | 40.00 | NOTE | |
| r-oldrel-windows-x86_64 | 0.4.0 | 13.00 | 85.00 | 98.00 | NOTE |
Version: 0.4.0
Check: Rd files
Result: NOTE
checkRd: (-1) cb_participant_count.Rd:13: Lost braces
13 | \item{query}{A phenotype query defined using the code{\link{phenotype}} function and logic operators (see example below)}
| ^
checkRd: (-1) phenotype.Rd:10: Lost braces
10 | \item{id}{A single phenotype id. Possible phenotyoes can be explored using the code{\link{cb_search_phenotypes}} function}
| ^
Flavors: r-devel-linux-x86_64-debian-clang, r-devel-linux-x86_64-debian-gcc, r-devel-linux-x86_64-fedora-clang, r-devel-linux-x86_64-fedora-gcc, r-devel-windows-x86_64, r-patched-linux-x86_64, r-release-linux-x86_64, r-release-macos-arm64, r-release-macos-x86_64, r-release-windows-x86_64, r-oldrel-macos-arm64, r-oldrel-macos-x86_64, r-oldrel-windows-x86_64