Last updated on 2025-10-26 13:49:52 CET.
| Flavor | Version | Tinstall | Tcheck | Ttotal | Status | Flags | 
|---|---|---|---|---|---|---|
| r-devel-linux-x86_64-debian-clang | 0.4-11 | 3.55 | 76.84 | 80.39 | OK | |
| r-devel-linux-x86_64-debian-gcc | 0.4-11 | 2.28 | 60.94 | 63.22 | OK | |
| r-devel-linux-x86_64-fedora-clang | 0.4-11 | 24.00 | 93.57 | 117.57 | OK | |
| r-devel-linux-x86_64-fedora-gcc | 0.4-11 | 128.94 | OK | |||
| r-devel-windows-x86_64 | 0.4-11 | 8.00 | 96.00 | 104.00 | OK | |
| r-patched-linux-x86_64 | 0.4-11 | 3.12 | 74.40 | 77.52 | OK | |
| r-release-linux-x86_64 | 0.4-11 | 3.40 | 74.99 | 78.39 | OK | |
| r-release-macos-arm64 | 0.4-11 | 3.00 | 48.00 | 51.00 | OK | |
| r-release-macos-x86_64 | 0.4-11 | 5.00 | 59.00 | 64.00 | ERROR | |
| r-release-windows-x86_64 | 0.4-11 | 10.00 | 101.00 | 111.00 | OK | |
| r-oldrel-macos-arm64 | 0.4-11 | 3.00 | 46.00 | 49.00 | OK | |
| r-oldrel-macos-x86_64 | 0.4-11 | 6.00 | 130.00 | 136.00 | OK | |
| r-oldrel-windows-x86_64 | 0.4-11 | 10.00 | 118.00 | 128.00 | OK | 
Version: 0.4-11
Check: re-building of vignette outputs
Result: ERROR
  Error(s) in re-building vignettes:
  --- re-building ‘headtailsR.Rmd’ using rmarkdown
  Error: processing vignette 'headtailsR.Rmd' failed with diagnostics:
  there is no package called ‘sass’
  --- failed re-building ‘headtailsR.Rmd’
  
  SUMMARY: processing the following file failed:
    ‘headtailsR.Rmd’
  
  Error: Vignette re-building failed.
  Execution halted
Flavor: r-release-macos-x86_64