Last updated on 2025-07-12 09:49:14 CEST.
Flavor | Version | Tinstall | Tcheck | Ttotal | Status | Flags |
---|---|---|---|---|---|---|
r-devel-linux-x86_64-debian-clang | 0.7.3 | 2.76 | 35.28 | 38.04 | OK | |
r-devel-linux-x86_64-debian-gcc | 0.7.3 | 2.37 | 28.56 | 30.93 | WARN | |
r-devel-linux-x86_64-fedora-clang | 0.7.3 | 59.48 | OK | |||
r-devel-linux-x86_64-fedora-gcc | 0.7.3 | 73.67 | OK | |||
r-devel-windows-x86_64 | 0.7.3 | 5.00 | 53.00 | 58.00 | OK | |
r-patched-linux-x86_64 | 0.7.3 | 3.53 | 32.85 | 36.38 | OK | |
r-release-linux-x86_64 | 0.7.3 | 3.30 | 33.04 | 36.34 | OK | |
r-release-macos-arm64 | 0.7.3 | 37.00 | OK | |||
r-release-macos-x86_64 | 0.7.3 | 63.00 | OK | |||
r-release-windows-x86_64 | 0.7.3 | 5.00 | 55.00 | 60.00 | OK | |
r-oldrel-macos-arm64 | 0.7.3 | 51.00 | OK | |||
r-oldrel-macos-x86_64 | 0.7.3 | 74.00 | OK | |||
r-oldrel-windows-x86_64 | 0.7.3 | 7.00 | 65.00 | 72.00 | OK |
Version: 0.7.3
Check: replacement functions
Result: WARN
‘format.:.circle_collection’ ‘format.:.circle_job’
‘format.:.circle_workflow’ ‘format.:.circle_collection’
‘format.:.circle_job’ ‘format.:.circle_workflow’
The argument of a replacement function which corresponds to the right
hand side must be named ‘value’.
Flavor: r-devel-linux-x86_64-debian-gcc