Last updated on 2025-10-26 05:49:53 CET.
| Flavor | Version | Tinstall | Tcheck | Ttotal | Status | Flags |
|---|---|---|---|---|---|---|
| r-devel-linux-x86_64-debian-clang | 0.0.1 | 1.50 | 28.97 | 30.47 | OK | |
| r-devel-linux-x86_64-debian-gcc | 0.0.1 | 1.39 | 23.82 | 25.21 | OK | |
| r-devel-linux-x86_64-fedora-clang | 0.0.1 | 37.43 | OK | |||
| r-devel-linux-x86_64-fedora-gcc | 0.0.1 | 58.18 | OK | |||
| r-devel-windows-x86_64 | 0.0.1 | 3.00 | 47.00 | 50.00 | OK | |
| r-patched-linux-x86_64 | 0.0.1 | 1.85 | 26.62 | 28.47 | OK | |
| r-release-linux-x86_64 | 0.0.1 | 1.25 | 26.63 | 27.88 | OK | |
| r-release-macos-arm64 | 0.0.1 | 1.00 | 36.00 | 37.00 | OK | |
| r-release-macos-x86_64 | 0.0.1 | 2.00 | 47.00 | 49.00 | OK | |
| r-release-windows-x86_64 | 0.0.1 | 3.00 | 50.00 | 53.00 | OK | |
| r-oldrel-macos-arm64 | 0.0.1 | 1.00 | 26.00 | 27.00 | NOTE | |
| r-oldrel-macos-x86_64 | 0.0.1 | 1.00 | 36.00 | 37.00 | NOTE | |
| r-oldrel-windows-x86_64 | 0.0.1 | 3.00 | 55.00 | 58.00 | NOTE |
Version: 0.0.1
Check: LazyData
Result: NOTE
'LazyData' is specified without a 'data' directory
Flavors: r-oldrel-macos-arm64, r-oldrel-macos-x86_64, r-oldrel-windows-x86_64