Last updated on 2025-10-25 13:48:32 CEST.
| Flavor | Version | Tinstall | Tcheck | Ttotal | Status | Flags |
|---|---|---|---|---|---|---|
| r-devel-linux-x86_64-debian-clang | 1.0.1 | 1.55 | 22.40 | 23.95 | NOTE | |
| r-devel-linux-x86_64-debian-gcc | 1.0.1 | 1.39 | 18.52 | 19.91 | NOTE | |
| r-devel-linux-x86_64-fedora-clang | 1.0.1 | 26.95 | OK | |||
| r-devel-linux-x86_64-fedora-gcc | 1.0.1 | 32.81 | OK | |||
| r-devel-windows-x86_64 | 1.0.1 | 3.00 | 46.00 | 49.00 | OK | |
| r-patched-linux-x86_64 | 1.0.1 | 1.38 | 21.21 | 22.59 | OK | |
| r-release-linux-x86_64 | 1.0.1 | 1.53 | 21.14 | 22.67 | OK | |
| r-release-macos-arm64 | 1.0.1 | 1.00 | 16.00 | 17.00 | OK | |
| r-release-macos-x86_64 | 1.0.1 | 2.00 | 24.00 | 26.00 | OK | |
| r-release-windows-x86_64 | 1.0.1 | 3.00 | 49.00 | 52.00 | OK | |
| r-oldrel-macos-arm64 | 1.0.1 | 1.00 | 18.00 | 19.00 | OK | |
| r-oldrel-macos-x86_64 | 1.0.1 | 1.00 | 25.00 | 26.00 | OK | |
| r-oldrel-windows-x86_64 | 1.0.1 | 5.00 | 50.00 | 55.00 | OK |
Version: 1.0.1
Check: CRAN incoming feasibility
Result: NOTE
Maintainer: ‘Ari Lamstein <ari@lamsteinconsulting.com>’
No Authors@R field in DESCRIPTION.
Please add one, modifying
Authors@R: person(given = "Ari",
family = "Lamstein",
role = c("aut", "cre"),
email = "ari@lamsteinconsulting.com")
as necessary.
Flavors: r-devel-linux-x86_64-debian-clang, r-devel-linux-x86_64-debian-gcc