CRAN Package Check Results for Package chopthin

Last updated on 2025-11-26 05:51:30 CET.

Flavor Version Tinstall Tcheck Ttotal Status Flags
r-devel-linux-x86_64-debian-clang 0.2.2 10.97 25.62 36.59 NOTE
r-devel-linux-x86_64-debian-gcc 0.2.2 7.63 20.87 28.50 NOTE
r-devel-linux-x86_64-fedora-clang 0.2.2 28.00 32.17 60.17 OK
r-devel-linux-x86_64-fedora-gcc 0.2.2 21.00 38.26 59.26 OK
r-devel-windows-x86_64 0.2.2 18.00 59.00 77.00 OK
r-patched-linux-x86_64 0.2.2 10.63 24.31 34.94 OK
r-release-linux-x86_64 0.2.2 10.64 24.31 34.95 OK
r-release-macos-arm64 0.2.2 OK
r-release-macos-x86_64 0.2.2 9.00 28.00 37.00 OK
r-release-windows-x86_64 0.2.2 14.00 56.00 70.00 OK
r-oldrel-macos-arm64 0.2.2 OK
r-oldrel-macos-x86_64 0.2.2 8.00 25.00 33.00 OK
r-oldrel-windows-x86_64 0.2.2 15.00 68.00 83.00 OK

Check Details

Version: 0.2.2
Check: CRAN incoming feasibility
Result: NOTE Maintainer: ‘Axel Gandy <a.gandy@imperial.ac.uk>’ No Authors@R field in DESCRIPTION. Please add one, modifying Authors@R: c(person(given = "Axel", family = "Gandy", role = c("aut", "cre"), email = "a.gandy@imperial.ac.uk"), person(given = c("F.", "Din-Houn"), family = "Lau", role = "aut")) as necessary. Flavors: r-devel-linux-x86_64-debian-clang, r-devel-linux-x86_64-debian-gcc