Last updated on 2025-10-26 17:50:30 CET.
| Flavor | Version | Tinstall | Tcheck | Ttotal | Status | Flags |
|---|---|---|---|---|---|---|
| r-devel-linux-x86_64-debian-clang | 0.2.0 | 1.77 | 30.60 | 32.37 | NOTE | |
| r-devel-linux-x86_64-debian-gcc | 0.2.0 | 1.58 | 25.58 | 27.16 | NOTE | |
| r-devel-linux-x86_64-fedora-clang | 0.2.0 | 38.99 | OK | |||
| r-devel-linux-x86_64-fedora-gcc | 0.2.0 | 58.96 | OK | |||
| r-devel-windows-x86_64 | 0.2.0 | 4.00 | 44.00 | 48.00 | OK | |
| r-patched-linux-x86_64 | 0.2.0 | 2.04 | 28.40 | 30.44 | OK | |
| r-release-linux-x86_64 | 0.2.0 | 1.70 | 28.77 | 30.47 | OK | |
| r-release-macos-arm64 | 0.2.0 | 1.00 | 23.00 | 24.00 | OK | |
| r-release-macos-x86_64 | 0.2.0 | 2.00 | 55.00 | 57.00 | OK | |
| r-release-windows-x86_64 | 0.2.0 | 3.00 | 46.00 | 49.00 | OK | |
| r-oldrel-macos-arm64 | 0.2.0 | 1.00 | 27.00 | 28.00 | OK | |
| r-oldrel-macos-x86_64 | 0.2.0 | 2.00 | 38.00 | 40.00 | OK | |
| r-oldrel-windows-x86_64 | 0.2.0 | 3.00 | 52.00 | 55.00 | OK |
Version: 0.2.0
Check: CRAN incoming feasibility
Result: NOTE
Maintainer: ‘James Balamuta <balamut2@illinois.edu>’
Found the following (possibly) invalid file URI:
URI: RColorBrewer
From: README.md
The Description field contains
(2015) "Good Colour Maps: How to Design Them" <arXiv:1509.03700> at the
Please refer to arXiv e-prints via their arXiv DOI <doi:10.48550/arXiv.YYMM.NNNNN>.
Flavors: r-devel-linux-x86_64-debian-clang, r-devel-linux-x86_64-debian-gcc