CRAN Package Check Results for Package cellWise

Last updated on 2025-11-25 17:49:45 CET.

Flavor Version Tinstall Tcheck Ttotal Status Flags
r-devel-linux-x86_64-debian-clang 2.5.4 107.34 283.23 390.57 OK
r-devel-linux-x86_64-debian-gcc 2.5.4 76.87 206.47 283.34 OK
r-devel-linux-x86_64-fedora-clang 2.5.4 311.00 367.55 678.55 OK
r-devel-linux-x86_64-fedora-gcc 2.5.4 238.00 426.89 664.89 OK
r-devel-windows-x86_64 2.5.4 145.00 295.00 440.00 OK
r-patched-linux-x86_64 2.5.4 118.38 276.50 394.88 OK
r-release-linux-x86_64 2.5.4 109.11 275.66 384.77 OK
r-release-macos-arm64 2.5.4 OK
r-release-macos-x86_64 2.5.4 61.00 265.00 326.00 OK
r-release-windows-x86_64 2.5.4 129.00 284.00 413.00 OK
r-oldrel-macos-arm64 2.5.4 NOTE
r-oldrel-macos-x86_64 2.5.4 83.00 367.00 450.00 NOTE
r-oldrel-windows-x86_64 2.5.4 154.00 363.00 517.00 WARN

Check Details

Version: 2.5.4
Check: installed package size
Result: NOTE installed size is 15.3Mb sub-directories of 1Mb or more: data 3.2Mb doc 2.0Mb libs 9.6Mb Flavors: r-oldrel-macos-arm64, r-oldrel-macos-x86_64, r-oldrel-windows-x86_64

Version: 2.5.4
Check: whether package can be installed
Result: WARN Found the following significant warnings: Main.cpp:974:31: warning: overflow in conversion from 'double' to 'unsigned int' changes value from '+QNaN' to '0' [-Woverflow] See 'd:/Rcompile/CRANpkg/local/4.4/cellWise.Rcheck/00install.out' for details. * used C++ compiler: 'g++.exe (GCC) 13.3.0' Flavor: r-oldrel-windows-x86_64