Last updated on 2025-10-25 17:48:32 CEST.
| Flavor | Version | Tinstall | Tcheck | Ttotal | Status | Flags |
|---|---|---|---|---|---|---|
| r-devel-linux-x86_64-debian-clang | 1.3.1-2 | 13.86 | 87.20 | 101.06 | NOTE | |
| r-devel-linux-x86_64-debian-gcc | 1.3.1-2 | 8.83 | 57.70 | 66.53 | NOTE | |
| r-devel-linux-x86_64-fedora-clang | 1.3.1-2 | 18.00 | 98.68 | 116.68 | OK | |
| r-devel-linux-x86_64-fedora-gcc | 1.3.1-2 | 91.00 | 79.90 | 170.90 | NOTE | |
| r-devel-windows-x86_64 | 1.3.1-2 | 13.00 | 100.00 | 113.00 | OK | |
| r-patched-linux-x86_64 | 1.3.1-2 | 13.92 | 80.15 | 94.07 | OK | |
| r-release-linux-x86_64 | 1.3.1-2 | 14.08 | 80.19 | 94.27 | OK | |
| r-release-macos-arm64 | 1.3.1-2 | 5.00 | 40.00 | 45.00 | OK | |
| r-release-macos-x86_64 | 1.3.1-2 | 11.00 | 85.00 | 96.00 | OK | |
| r-release-windows-x86_64 | 1.3.1-2 | 14.00 | 102.00 | 116.00 | OK | |
| r-oldrel-macos-arm64 | 1.3.1-2 | 5.00 | 47.00 | 52.00 | OK | |
| r-oldrel-macos-x86_64 | 1.3.1-2 | 9.00 | 69.00 | 78.00 | OK | |
| r-oldrel-windows-x86_64 | 1.3.1-2 | 13.00 | 123.00 | 136.00 | OK |
Version: 1.3.1-2
Check: Rd files
Result: NOTE
checkRd: (-1) cdfquantregFT.Rd:69-76: Only 5 columns allowed in this table (row 1 has 4)
checkRd: (-1) cdfquantregFT.Rd:69-76: Only 5 columns allowed in this table (row 2 has 4)
checkRd: (-1) cdfquantregFT.Rd:69-76: Only 5 columns allowed in this table (row 3 has 4)
checkRd: (-1) cdfquantregFT.Rd:69-76: Only 5 columns allowed in this table (row 4 has 4)
checkRd: (-1) cdfquantregFT.Rd:69-76: Only 5 columns allowed in this table (row 5 has 4)
checkRd: (-1) cdfquantregFT.Rd:69-76: Only 5 columns allowed in this table (row 6 has 4)
Flavors: r-devel-linux-x86_64-debian-clang, r-devel-linux-x86_64-debian-gcc, r-devel-linux-x86_64-fedora-gcc