CRAN Package Check Results for Package causalSLSE

Last updated on 2025-07-08 21:48:21 CEST.

Flavor Version Tinstall Tcheck Ttotal Status Flags
r-devel-linux-x86_64-debian-clang 0.3-1 30.29 73.82 104.11 NOTE
r-devel-linux-x86_64-debian-gcc 0.3-1 17.69 58.83 76.52 NOTE
r-devel-linux-x86_64-fedora-clang 0.3-1 166.91 OK
r-devel-linux-x86_64-fedora-gcc 0.3-1 181.80 OK
r-devel-windows-x86_64 0.3-1 29.00 192.00 221.00 NOTE
r-patched-linux-x86_64 0.3-1 31.13 70.71 101.84 NOTE
r-release-linux-x86_64 0.3-1 27.91 70.77 98.68 NOTE
r-release-macos-arm64 0.3-1 70.00 OK
r-release-macos-x86_64 0.3-1 119.00 OK
r-release-windows-x86_64 0.3-1 30.00 190.00 220.00 NOTE
r-oldrel-macos-arm64 0.3-1 56.00 OK
r-oldrel-macos-x86_64 0.3-1 133.00 OK
r-oldrel-windows-x86_64 0.3-1 40.00 173.00 213.00 OK

Check Details

Version: 0.3-1
Check: Rd cross-references
Result: NOTE Found the following Rd file(s) with Rd \link{} targets missing package anchors: causalSLSE.Rd: vcovHC.default extract-causalslse-method.Rd: extract, texreg extract-slseFit-method.Rd: extract, texreg predict.Rd: vcovHC.default summary.Rd: vcovHC.default Please provide package anchors for all Rd \link{} targets not in the package itself and the base packages. Flavors: r-devel-linux-x86_64-debian-clang, r-devel-linux-x86_64-debian-gcc, r-devel-windows-x86_64, r-patched-linux-x86_64, r-release-linux-x86_64, r-release-windows-x86_64