CRAN Package Check Results for Package cats

Last updated on 2025-11-26 17:49:48 CET.

Flavor Version Tinstall Tcheck Ttotal Status Flags
r-devel-linux-x86_64-debian-clang 1.0.2 3.02 38.60 41.62 OK
r-devel-linux-x86_64-debian-gcc 1.0.2 2.42 28.45 30.87 OK
r-devel-linux-x86_64-fedora-clang 1.0.2 63.59 NOTE
r-devel-linux-x86_64-fedora-gcc 1.0.2 63.45 NOTE
r-devel-windows-x86_64 1.0.2 5.00 51.00 56.00 OK
r-patched-linux-x86_64 1.0.2 3.67 35.01 38.68 OK
r-release-linux-x86_64 1.0.2 2.24 35.60 37.84 OK
r-release-macos-arm64 1.0.2 OK
r-release-macos-x86_64 1.0.2 4.00 36.00 40.00 OK
r-release-windows-x86_64 1.0.2 4.00 51.00 55.00 OK
r-oldrel-macos-arm64 1.0.2 OK
r-oldrel-macos-x86_64 1.0.2 2.00 39.00 41.00 OK
r-oldrel-windows-x86_64 1.0.2 6.00 63.00 69.00 OK

Check Details

Version: 1.0.2
Check: dependencies in R code
Result: NOTE Namespaces in Imports field not imported from: ‘epitools’ ‘forcats’ ‘purrr’ All declared Imports should be used. Flavors: r-devel-linux-x86_64-fedora-clang, r-devel-linux-x86_64-fedora-gcc