Last updated on 2025-10-26 05:49:53 CET.
| Flavor | Version | Tinstall | Tcheck | Ttotal | Status | Flags |
|---|---|---|---|---|---|---|
| r-devel-linux-x86_64-debian-clang | 0.2.0 | 2.99 | 45.55 | 48.54 | OK | |
| r-devel-linux-x86_64-debian-gcc | 0.2.0 | 2.34 | 34.55 | 36.89 | OK | |
| r-devel-linux-x86_64-fedora-clang | 0.2.0 | 69.84 | OK | |||
| r-devel-linux-x86_64-fedora-gcc | 0.2.0 | 67.72 | OK | |||
| r-devel-windows-x86_64 | 0.2.0 | 5.00 | 69.00 | 74.00 | OK | |
| r-patched-linux-x86_64 | 0.2.0 | 4.27 | 41.74 | 46.01 | OK | |
| r-release-linux-x86_64 | 0.2.0 | 2.27 | 42.38 | 44.65 | OK | |
| r-release-macos-arm64 | 0.2.0 | 2.00 | 27.00 | 29.00 | OK | |
| r-release-macos-x86_64 | 0.2.0 | 3.00 | 55.00 | 58.00 | OK | |
| r-release-windows-x86_64 | 0.2.0 | 5.00 | 72.00 | 77.00 | ERROR | |
| r-oldrel-macos-arm64 | 0.2.0 | 2.00 | 23.00 | 25.00 | OK | |
| r-oldrel-macos-x86_64 | 0.2.0 | 6.00 | 48.00 | 54.00 | OK | |
| r-oldrel-windows-x86_64 | 0.2.0 | 7.00 | 83.00 | 90.00 | OK |
Version: 0.2.0
Check: tests
Result: ERROR
Running 'testthat.R' [4s]
Running the tests in 'tests/testthat.R' failed.
Complete output:
> library(testthat)
> library(cascadess)
>
> test_check("cascadess")
Attaching package: 'rlang'
The following objects are masked from 'package:testthat':
is_false, is_null, is_true
[ FAIL 0 | WARN 0 | SKIP 0 | PASS 253 ]
>
> proc.time()
user system elapsed
2.51 0.79 3.34
Flavor: r-release-windows-x86_64