Last updated on 2025-10-26 13:49:51 CET.
| Flavor | Version | Tinstall | Tcheck | Ttotal | Status | Flags |
|---|---|---|---|---|---|---|
| r-devel-linux-x86_64-debian-clang | 0.2.4 | 11.73 | 112.64 | 124.37 | OK | |
| r-devel-linux-x86_64-debian-gcc | 0.2.4 | 8.89 | 72.97 | 81.86 | OK | |
| r-devel-linux-x86_64-fedora-clang | 0.2.4 | 21.00 | 173.08 | 194.08 | OK | |
| r-devel-linux-x86_64-fedora-gcc | 0.2.4 | 28.00 | 179.57 | 207.57 | OK | |
| r-devel-windows-x86_64 | 0.2.4 | 15.00 | 118.00 | 133.00 | OK | |
| r-patched-linux-x86_64 | 0.2.4 | 10.75 | 105.74 | 116.49 | OK | |
| r-release-linux-x86_64 | 0.2.4 | 11.18 | 105.92 | 117.10 | OK | |
| r-release-macos-arm64 | 0.2.4 | 8.00 | 73.00 | 81.00 | OK | |
| r-release-macos-x86_64 | 0.2.4 | 21.00 | 196.00 | 217.00 | OK | |
| r-release-windows-x86_64 | 0.2.4 | 15.00 | 117.00 | 132.00 | OK | |
| r-oldrel-macos-arm64 | 0.2.4 | 7.00 | 71.00 | 78.00 | OK | |
| r-oldrel-macos-x86_64 | 0.2.4 | 16.00 | ERROR | |||
| r-oldrel-windows-x86_64 | 0.2.4 | 18.00 | 152.00 | 170.00 | OK |
Version: 0.2.4
Check: package dependencies
Result: ERROR
Package required but not available: ‘osmdata’
See section ‘The DESCRIPTION file’ in the ‘Writing R Extensions’
manual.
Flavor: r-oldrel-macos-x86_64