Last updated on 2025-10-25 21:49:35 CEST.
| Flavor | Version | Tinstall | Tcheck | Ttotal | Status | Flags |
|---|---|---|---|---|---|---|
| r-devel-linux-x86_64-debian-clang | 0.2.6 | 6.66 | 85.31 | 91.97 | OK | |
| r-devel-linux-x86_64-debian-gcc | 0.2.6 | 5.34 | 57.57 | 62.91 | OK | |
| r-devel-linux-x86_64-fedora-clang | 0.2.6 | 32.00 | 111.24 | 143.24 | NOTE | |
| r-devel-linux-x86_64-fedora-gcc | 0.2.6 | 17.00 | 126.30 | 143.30 | NOTE | |
| r-devel-windows-x86_64 | 0.2.6 | 10.00 | 106.00 | 116.00 | OK | |
| r-patched-linux-x86_64 | 0.2.6 | 8.45 | 76.30 | 84.75 | OK | |
| r-release-linux-x86_64 | 0.2.6 | 7.40 | 76.35 | 83.75 | OK | |
| r-release-macos-arm64 | 0.2.6 | 4.00 | 54.00 | 58.00 | OK | |
| r-release-macos-x86_64 | 0.2.6 | 8.00 | 102.00 | 110.00 | OK | |
| r-release-windows-x86_64 | 0.2.6 | 14.00 | 107.00 | 121.00 | OK | |
| r-oldrel-macos-arm64 | 0.2.6 | 4.00 | 56.00 | 60.00 | OK | |
| r-oldrel-macos-x86_64 | 0.2.6 | 6.00 | 100.00 | 106.00 | OK | |
| r-oldrel-windows-x86_64 | 0.2.6 | 13.00 | 133.00 | 146.00 | OK |
Version: 0.2.6
Check: dependencies in R code
Result: NOTE
Namespace in Imports field not imported from: ‘utils’
All declared Imports should be used.
Flavors: r-devel-linux-x86_64-fedora-clang, r-devel-linux-x86_64-fedora-gcc