Last updated on 2025-10-25 17:48:32 CEST.
| Flavor | Version | Tinstall | Tcheck | Ttotal | Status | Flags |
|---|---|---|---|---|---|---|
| r-devel-linux-x86_64-debian-clang | 0.3.0 | 7.15 | 69.24 | 76.39 | NOTE | |
| r-devel-linux-x86_64-debian-gcc | 0.3.0 | 5.09 | 50.68 | 55.77 | NOTE | |
| r-devel-linux-x86_64-fedora-clang | 0.3.0 | 20.00 | 101.10 | 121.10 | NOTE | |
| r-devel-linux-x86_64-fedora-gcc | 0.3.0 | 14.00 | 115.03 | 129.03 | NOTE | |
| r-devel-windows-x86_64 | 0.3.0 | 10.00 | 85.00 | 95.00 | NOTE | |
| r-patched-linux-x86_64 | 0.3.0 | 7.24 | 65.68 | 72.92 | NOTE | |
| r-release-linux-x86_64 | 0.3.0 | 6.73 | 65.96 | 72.69 | NOTE | |
| r-release-macos-arm64 | 0.3.0 | 4.00 | 102.00 | 106.00 | NOTE | |
| r-release-macos-x86_64 | 0.3.0 | 5.00 | 61.00 | 66.00 | NOTE | |
| r-release-windows-x86_64 | 0.3.0 | 9.00 | 88.00 | 97.00 | NOTE | |
| r-oldrel-macos-arm64 | 0.3.0 | 3.00 | 35.00 | 38.00 | NOTE | |
| r-oldrel-macos-x86_64 | 0.3.0 | 7.00 | 71.00 | 78.00 | NOTE | |
| r-oldrel-windows-x86_64 | 0.3.0 | 15.00 | 108.00 | 123.00 | NOTE |
Version: 0.3.0
Check: Rd files
Result: NOTE
checkRd: (-1) c3.Rd:28: Lost braces in \itemize; meant \describe ?
checkRd: (-1) c3_gauge.Rd:17: Lost braces in \itemize; meant \describe ?
checkRd: (-1) c3_gauge.Rd:18: Lost braces in \itemize; meant \describe ?
checkRd: (-1) c3_gauge.Rd:33: Lost braces in \itemize; meant \describe ?
checkRd: (-1) c3_gauge.Rd:34: Lost braces in \itemize; meant \describe ?
checkRd: (-1) c3_gauge.Rd:35: Lost braces in \itemize; meant \describe ?
checkRd: (-1) grid.c3.Rd:22: Lost braces in \itemize; meant \describe ?
checkRd: (-1) grid.c3.Rd:23: Lost braces in \itemize; meant \describe ?
checkRd: (-1) grid.c3.Rd:24: Lost braces in \itemize; meant \describe ?
checkRd: (-1) grid.c3.Rd:25: Lost braces in \itemize; meant \describe ?
checkRd: (-1) legend.c3.Rd:23: Lost braces in \itemize; meant \describe ?
checkRd: (-1) legend.c3.Rd:24: Lost braces in \itemize; meant \describe ?
checkRd: (-1) legend.c3.Rd:25: Lost braces in \itemize; meant \describe ?
checkRd: (-1) legend.c3.Rd:26: Lost braces in \itemize; meant \describe ?
checkRd: (-1) legend.c3.Rd:31: Lost braces in \itemize; meant \describe ?
checkRd: (-1) legend.c3.Rd:32: Lost braces in \itemize; meant \describe ?
checkRd: (-1) legend.c3.Rd:33: Lost braces in \itemize; meant \describe ?
checkRd: (-1) region.c3.Rd:17: Lost braces in \itemize; meant \describe ?
checkRd: (-1) region.c3.Rd:18: Lost braces in \itemize; meant \describe ?
checkRd: (-1) region.c3.Rd:19: Lost braces in \itemize; meant \describe ?
checkRd: (-1) region.c3.Rd:20: Lost braces in \itemize; meant \describe ?
checkRd: (-1) tooltip.c3.Rd:23: Lost braces in \itemize; meant \describe ?
checkRd: (-1) tooltip.c3.Rd:24: Lost braces in \itemize; meant \describe ?
checkRd: (-1) tooltip.c3.Rd:25: Lost braces in \itemize; meant \describe ?
checkRd: (-1) xAxis.c3.Rd:55: Lost braces in \itemize; meant \describe ?
checkRd: (-1) xAxis.c3.Rd:56: Lost braces in \itemize; meant \describe ?
checkRd: (-1) xAxis.c3.Rd:65: Lost braces in \itemize; meant \describe ?
checkRd: (-1) xAxis.c3.Rd:66: Lost braces in \itemize; meant \describe ?
Flavors: r-devel-linux-x86_64-debian-clang, r-devel-linux-x86_64-debian-gcc, r-devel-linux-x86_64-fedora-clang, r-devel-linux-x86_64-fedora-gcc, r-devel-windows-x86_64, r-patched-linux-x86_64, r-release-linux-x86_64, r-release-macos-arm64, r-release-macos-x86_64, r-release-windows-x86_64, r-oldrel-macos-arm64, r-oldrel-macos-x86_64, r-oldrel-windows-x86_64
Version: 0.3.0
Check: LazyData
Result: NOTE
'LazyData' is specified without a 'data' directory
Flavors: r-oldrel-macos-arm64, r-oldrel-macos-x86_64, r-oldrel-windows-x86_64