Last updated on 2025-10-25 17:48:32 CEST.
| Flavor | Version | Tinstall | Tcheck | Ttotal | Status | Flags |
|---|---|---|---|---|---|---|
| r-devel-linux-x86_64-debian-clang | 0.1.1 | 3.69 | 38.34 | 42.03 | NOTE | |
| r-devel-linux-x86_64-debian-gcc | 0.1.1 | 2.63 | 28.94 | 31.57 | NOTE | |
| r-devel-linux-x86_64-fedora-clang | 0.1.1 | 16.00 | 59.43 | 75.43 | NOTE | |
| r-devel-linux-x86_64-fedora-gcc | 0.1.1 | 74.95 | NOTE | |||
| r-devel-windows-x86_64 | 0.1.1 | 5.00 | 54.00 | 59.00 | NOTE | |
| r-patched-linux-x86_64 | 0.1.1 | 3.54 | 36.22 | 39.76 | NOTE | |
| r-release-linux-x86_64 | 0.1.1 | 3.66 | 37.24 | 40.90 | NOTE | |
| r-release-macos-arm64 | 0.1.1 | 2.00 | 27.00 | 29.00 | NOTE | |
| r-release-macos-x86_64 | 0.1.1 | 4.00 | 54.00 | 58.00 | NOTE | |
| r-release-windows-x86_64 | 0.1.1 | 5.00 | 56.00 | 61.00 | NOTE | |
| r-oldrel-macos-arm64 | 0.1.1 | 2.00 | 30.00 | 32.00 | NOTE | |
| r-oldrel-macos-x86_64 | 0.1.1 | 3.00 | 40.00 | 43.00 | NOTE | |
| r-oldrel-windows-x86_64 | 0.1.1 | 7.00 | 66.00 | 73.00 | NOTE |
Version: 0.1.1
Check: Rd files
Result: NOTE
checkRd: (-1) bubbleHMLegends.Rd:42: Lost braces; missing escapes or markup?
42 | function. If {sizeBreaks} vector is supplied then this will be ignored and
| ^
checkRd: (-1) bubbleHeatmap.Rd:96: Lost braces; missing escapes or markup?
96 | function. If {sizeBreaks} vector is supplied then this will be ignored and
| ^
checkRd: (-1) multiPlotInput.Rd:117: Lost braces; missing escapes or markup?
117 | \code{unitBase}. This will be supplied to pretty function. If {sizeBreaks} is
| ^
Flavors: r-devel-linux-x86_64-debian-clang, r-devel-linux-x86_64-debian-gcc, r-devel-linux-x86_64-fedora-clang, r-devel-linux-x86_64-fedora-gcc, r-devel-windows-x86_64, r-patched-linux-x86_64, r-release-linux-x86_64, r-release-macos-arm64, r-release-macos-x86_64, r-release-windows-x86_64, r-oldrel-macos-arm64, r-oldrel-macos-x86_64, r-oldrel-windows-x86_64