CRAN Package Check Results for Package bspec

Last updated on 2025-10-26 01:49:45 CEST.

Flavor Version Tinstall Tcheck Ttotal Status Flags
r-devel-linux-x86_64-debian-clang 1.6 3.37 28.09 31.46 NOTE
r-devel-linux-x86_64-debian-gcc 1.6 2.30 21.37 23.67 NOTE
r-devel-linux-x86_64-fedora-clang 1.6 17.00 37.67 54.67 OK
r-devel-linux-x86_64-fedora-gcc 1.6 44.01 OK
r-devel-windows-x86_64 1.6 4.00 44.00 48.00 OK
r-patched-linux-x86_64 1.6 3.47 26.19 29.66 OK
r-release-linux-x86_64 1.6 2.75 26.33 29.08 OK
r-release-macos-arm64 1.6 2.00 17.00 19.00 OK
r-release-macos-x86_64 1.6 3.00 27.00 30.00 OK
r-release-windows-x86_64 1.6 6.00 46.00 52.00 OK
r-oldrel-macos-arm64 1.6 2.00 19.00 21.00 OK
r-oldrel-macos-x86_64 1.6 2.00 22.00 24.00 OK
r-oldrel-windows-x86_64 1.6 4.00 46.00 50.00 OK

Check Details

Version: 1.6
Check: CRAN incoming feasibility
Result: NOTE Maintainer: ‘Christian Roever <christian.roever@med.uni-goettingen.de>’ Package CITATION file contains call(s) to old-style personList() or as.personList(). Please use c() on person objects instead. Package CITATION file contains call(s) to old-style citEntry(). Please use bibentry() instead. Flavors: r-devel-linux-x86_64-debian-clang, r-devel-linux-x86_64-debian-gcc