Last updated on 2025-10-26 13:49:51 CET.
| Flavor | Version | Tinstall | Tcheck | Ttotal | Status | Flags |
|---|---|---|---|---|---|---|
| r-devel-linux-x86_64-debian-clang | 0.23.8 | 1.99 | 21.29 | 23.28 | NOTE | |
| r-devel-linux-x86_64-debian-gcc | 0.23.8 | 1.77 | 17.63 | 19.40 | NOTE | |
| r-devel-linux-x86_64-fedora-clang | 0.23.8 | 11.00 | 29.05 | 40.05 | OK | |
| r-devel-linux-x86_64-fedora-gcc | 0.23.8 | 33.23 | OK | |||
| r-devel-windows-x86_64 | 0.23.8 | 3.00 | 37.00 | 40.00 | OK | |
| r-patched-linux-x86_64 | 0.23.8 | 1.98 | 19.90 | 21.88 | OK | |
| r-release-linux-x86_64 | 0.23.8 | 2.01 | 20.18 | 22.19 | OK | |
| r-release-macos-arm64 | 0.23.8 | 1.00 | 16.00 | 17.00 | OK | |
| r-release-macos-x86_64 | 0.23.8 | 2.00 | 21.00 | 23.00 | OK | |
| r-release-windows-x86_64 | 0.23.8 | 5.00 | 41.00 | 46.00 | OK | |
| r-oldrel-macos-arm64 | 0.23.8 | 2.00 | 11.00 | 13.00 | OK | |
| r-oldrel-macos-x86_64 | 0.23.8 | 2.00 | 19.00 | 21.00 | OK | |
| r-oldrel-windows-x86_64 | 0.23.8 | 4.00 | 39.00 | 43.00 | OK |
Version: 0.23.8
Check: CRAN incoming feasibility
Result: NOTE
Maintainer: ‘Chanseok Park <statpnu@gmail.com>’
The Description field contains
<arXiv:2308.10150>. This work was supported by the National Research
Please refer to arXiv e-prints via their arXiv DOI <doi:10.48550/arXiv.YYMM.NNNNN>.
Flavors: r-devel-linux-x86_64-debian-clang, r-devel-linux-x86_64-debian-gcc