Last updated on 2025-10-25 17:48:32 CEST.
| Flavor | Version | Tinstall | Tcheck | Ttotal | Status | Flags |
|---|---|---|---|---|---|---|
| r-devel-linux-x86_64-debian-clang | 0.2.9.6 | 8.26 | 156.42 | 164.68 | NOTE | |
| r-devel-linux-x86_64-debian-gcc | 0.2.9.6 | 5.22 | 107.90 | 113.12 | NOTE | |
| r-devel-linux-x86_64-fedora-clang | 0.2.9.6 | 41.00 | 247.60 | 288.60 | NOTE | |
| r-devel-linux-x86_64-fedora-gcc | 0.2.9.6 | 25.00 | 247.29 | 272.29 | NOTE | |
| r-devel-windows-x86_64 | 0.2.9.6 | 10.00 | 164.00 | 174.00 | NOTE | |
| r-patched-linux-x86_64 | 0.2.9.6 | 8.26 | 149.71 | 157.97 | NOTE | |
| r-release-linux-x86_64 | 0.2.9.6 | 7.32 | 149.78 | 157.10 | NOTE | |
| r-release-macos-arm64 | 0.2.9.6 | 4.00 | 67.00 | 71.00 | NOTE | |
| r-release-macos-x86_64 | 0.2.9.6 | 7.00 | 133.00 | 140.00 | NOTE | |
| r-release-windows-x86_64 | 0.2.9.6 | 13.00 | 164.00 | 177.00 | NOTE | |
| r-oldrel-macos-arm64 | 0.2.9.6 | 4.00 | 67.00 | 71.00 | NOTE | |
| r-oldrel-macos-x86_64 | 0.2.9.6 | 6.00 | 122.00 | 128.00 | NOTE | |
| r-oldrel-windows-x86_64 | 0.2.9.6 | 14.00 | 216.00 | 230.00 | NOTE |
Version: 0.2.9.6
Check: DESCRIPTION meta-information
Result: NOTE
Author field differs from that derived from Authors@R
Author: ‘Ben Bolker [aut, cre] (<https://orcid.org/0000-0002-2127-0443>), David Robinson [aut], Dieter Menne [ctb], Jonah Gabry [ctb], Paul Buerkner [ctb], Christopher Hua [ctb], William Petry [ctb] (<https://orcid.org/0000-0002-5230-5987>), Joshua Wiley [ctb] (<https://orcid.org/0000-0002-0271-6702>), Patrick Kennedy [ctb], Eduard Szöcs [ctb] (<https://orcid.org/0000-0001-5376-1194>, BASF SE), Indrajeet Patil [ctb], Vincent Arel-Bundock [ctb] (<https://orcid.org/0000-0003-2042-7063>), Bill Denney [ctb], Cory Brunson [ctb], Joe Wasserman [ctb] (<https://orcid.org/0000-0002-9705-1853>), Alexey Stukalov [ctb], Matthieu Bruneaux [ctb]’
Authors@R: ‘Ben Bolker [aut, cre] (ORCID: <https://orcid.org/0000-0002-2127-0443>), David Robinson [aut], Dieter Menne [ctb], Jonah Gabry [ctb], Paul Buerkner [ctb], Christopher Hua [ctb], William Petry [ctb] (ORCID: <https://orcid.org/0000-0002-5230-5987>), Joshua Wiley [ctb] (ORCID: <https://orcid.org/0000-0002-0271-6702>), Patrick Kennedy [ctb], Eduard Szöcs [ctb] (ORCID: <https://orcid.org/0000-0001-5376-1194>, sponsor: BASF SE), Indrajeet Patil [ctb], Vincent Arel-Bundock [ctb] (ORCID: <https://orcid.org/0000-0003-2042-7063>), Bill Denney [ctb], Cory Brunson [ctb], Joe Wasserman [ctb] (ORCID: <https://orcid.org/0000-0002-9705-1853>), Alexey Stukalov [ctb], Matthieu Bruneaux [ctb]’
Missing dependency on R >= 4.1.0 because package code uses the pipe
|> or function shorthand \(...) syntax added in R 4.1.0.
File(s) using such syntax:
‘glmm_tidiers.R’ ‘rstanarm_tidiers.Rd’
Flavors: r-devel-linux-x86_64-debian-clang, r-devel-linux-x86_64-debian-gcc
Version: 0.2.9.6
Check: DESCRIPTION meta-information
Result: NOTE
Missing dependency on R >= 4.1.0 because package code uses the pipe
|> or function shorthand \(...) syntax added in R 4.1.0.
File(s) using such syntax:
‘glmm_tidiers.R’ ‘rstanarm_tidiers.Rd’
Flavors: r-devel-linux-x86_64-fedora-clang, r-devel-linux-x86_64-fedora-gcc, r-devel-windows-x86_64, r-patched-linux-x86_64, r-release-linux-x86_64, r-release-macos-arm64, r-release-macos-x86_64, r-release-windows-x86_64
Version: 0.2.9.6
Check: package dependencies
Result: NOTE
Package suggested but not available for checking: ‘glmmADMB’
Flavors: r-oldrel-macos-arm64, r-oldrel-macos-x86_64, r-oldrel-windows-x86_64
Version: 0.2.9.6
Check: installed package size
Result: NOTE
installed size is 5.4Mb
sub-directories of 1Mb or more:
extdata 5.0Mb
Flavors: r-oldrel-macos-arm64, r-oldrel-macos-x86_64, r-oldrel-windows-x86_64