Last updated on 2025-10-25 13:48:31 CEST.
| Flavor | Version | Tinstall | Tcheck | Ttotal | Status | Flags |
|---|---|---|---|---|---|---|
| r-devel-linux-x86_64-debian-clang | 1.0 | 4.08 | 43.83 | 47.91 | NOTE | |
| r-devel-linux-x86_64-debian-gcc | 1.0 | 4.36 | 30.36 | 34.72 | NOTE | |
| r-devel-linux-x86_64-fedora-clang | 1.0 | 30.00 | 49.39 | 79.39 | OK | |
| r-devel-linux-x86_64-fedora-gcc | 1.0 | 12.00 | 59.38 | 71.38 | OK | |
| r-devel-windows-x86_64 | 1.0 | 6.00 | 56.00 | 62.00 | OK | |
| r-patched-linux-x86_64 | 1.0 | 5.94 | 41.75 | 47.69 | OK | |
| r-release-linux-x86_64 | 1.0 | 5.18 | 41.85 | 47.03 | OK | |
| r-release-macos-arm64 | 1.0 | 2.00 | 23.00 | 25.00 | OK | |
| r-release-macos-x86_64 | 1.0 | 5.00 | 53.00 | 58.00 | OK | |
| r-release-windows-x86_64 | 1.0 | 6.00 | 57.00 | 63.00 | OK | |
| r-oldrel-macos-arm64 | 1.0 | 3.00 | 20.00 | 23.00 | OK | |
| r-oldrel-macos-x86_64 | 1.0 | 4.00 | 31.00 | 35.00 | OK | |
| r-oldrel-windows-x86_64 | 1.0 | 8.00 | 68.00 | 76.00 | OK |
Version: 1.0
Check: CRAN incoming feasibility
Result: NOTE
Maintainer: ‘Aurora Torrente <etorrent@est-econ.uc3m.es>’
No Authors@R field in DESCRIPTION.
Please add one, modifying
Authors@R: c(person(given = c("Javier", "Albert"),
family = "Smet",
role = "aut",
email = "javas@kth.se"),
person(given = c("Aurora", "Torrente.", "Alice"),
family = "Parodi",
role = "aut",
email = "etorrent@est-econ.uc3m.es"),
person(given = "Mirco",
family = "Patriarca",
role = "aut"),
person(given = "Laura",
family = "Sangalli",
role = "aut"),
person(given = "Piercesare",
family = "Secchi",
role = "aut"),
person(given = "Simone",
family = "Vantini",
role = "aut"),
person(given = "Valeria",
family = "Vitelli",
role = "aut"),
person(given = "as",
family = "contributors.",
role = "aut"),
person(given = "Aurora",
family = "Torrente",
role = "cre",
email = "etorrent@est-econ.uc3m.es"))
as necessary.
Flavors: r-devel-linux-x86_64-debian-clang, r-devel-linux-x86_64-debian-gcc