Last updated on 2025-10-25 17:48:32 CEST.
| Flavor | Version | Tinstall | Tcheck | Ttotal | Status | Flags |
|---|---|---|---|---|---|---|
| r-devel-linux-x86_64-debian-clang | 0.1.0 | 7.90 | 63.54 | 71.44 | OK | |
| r-devel-linux-x86_64-debian-gcc | 0.1.0 | 6.66 | 47.98 | 54.64 | OK | |
| r-devel-linux-x86_64-fedora-clang | 0.1.0 | 35.00 | 78.25 | 113.25 | NOTE | |
| r-devel-linux-x86_64-fedora-gcc | 0.1.0 | 19.00 | 101.88 | 120.88 | NOTE | |
| r-devel-windows-x86_64 | 0.1.0 | 11.00 | 87.00 | 98.00 | OK | |
| r-patched-linux-x86_64 | 0.1.0 | 8.30 | 62.29 | 70.59 | OK | |
| r-release-linux-x86_64 | 0.1.0 | 8.33 | 61.26 | 69.59 | OK | |
| r-release-macos-arm64 | 0.1.0 | 4.00 | 51.00 | 55.00 | OK | |
| r-release-macos-x86_64 | 0.1.0 | 8.00 | 73.00 | 81.00 | OK | |
| r-release-windows-x86_64 | 0.1.0 | 11.00 | 88.00 | 99.00 | OK | |
| r-oldrel-macos-arm64 | 0.1.0 | 5.00 | 51.00 | 56.00 | OK | |
| r-oldrel-macos-x86_64 | 0.1.0 | 7.00 | 73.00 | 80.00 | OK | |
| r-oldrel-windows-x86_64 | 0.1.0 | 15.00 | 105.00 | 120.00 | OK |
Version: 0.1.0
Check: dependencies in R code
Result: NOTE
Namespaces in Imports field not imported from:
‘CCA’ ‘brainR’ ‘elasticnet’
All declared Imports should be used.
Flavors: r-devel-linux-x86_64-fedora-clang, r-devel-linux-x86_64-fedora-gcc