Last updated on 2025-07-09 01:50:31 CEST.
Flavor | Version | Tinstall | Tcheck | Ttotal | Status | Flags |
---|---|---|---|---|---|---|
r-devel-linux-x86_64-debian-clang | 1.1.5 | 7.19 | 70.18 | 77.37 | OK | |
r-devel-linux-x86_64-debian-gcc | 1.1.5 | 5.10 | 53.09 | 58.19 | OK | |
r-devel-linux-x86_64-fedora-clang | 1.1.5 | 122.25 | NOTE | |||
r-devel-linux-x86_64-fedora-gcc | 1.1.5 | 125.55 | NOTE | |||
r-devel-windows-x86_64 | 1.1.5 | 8.00 | 80.00 | 88.00 | OK | |
r-patched-linux-x86_64 | 1.1.5 | 6.96 | 66.94 | 73.90 | OK | |
r-release-linux-x86_64 | 1.1.5 | 7.12 | 65.76 | 72.88 | OK | |
r-release-macos-arm64 | 1.1.5 | 59.00 | OK | |||
r-release-macos-x86_64 | 1.1.5 | 88.00 | OK | |||
r-release-windows-x86_64 | 1.1.5 | 8.00 | 81.00 | 89.00 | OK | |
r-oldrel-macos-arm64 | 1.1.5 | 41.00 | OK | |||
r-oldrel-macos-x86_64 | 1.1.5 | 65.00 | OK | |||
r-oldrel-windows-x86_64 | 1.1.5 | 11.00 | 101.00 | 112.00 | OK |
Version: 1.1.5
Check: dependencies in R code
Result: NOTE
Namespaces in Imports field not imported from:
‘HSAUR3’ ‘knitr’ ‘rmarkdown’
All declared Imports should be used.
Flavors: r-devel-linux-x86_64-fedora-clang, r-devel-linux-x86_64-fedora-gcc