Last updated on 2025-07-12 21:50:38 CEST.
Flavor | Version | Tinstall | Tcheck | Ttotal | Status | Flags |
---|---|---|---|---|---|---|
r-devel-linux-x86_64-debian-clang | 1.1.1 | 37.24 | 49.97 | 87.21 | OK | |
r-devel-linux-x86_64-debian-gcc | 1.1.1 | 25.38 | 37.37 | 62.75 | OK | |
r-devel-linux-x86_64-fedora-clang | 1.1.1 | 140.02 | OK | |||
r-devel-linux-x86_64-fedora-gcc | 1.1.1 | 156.36 | OK | |||
r-devel-windows-x86_64 | 1.1.1 | 42.00 | 89.00 | 131.00 | OK | |
r-patched-linux-x86_64 | 1.1.1 | 35.68 | 47.05 | 82.73 | OK | |
r-release-linux-x86_64 | 1.1.1 | 35.53 | 46.29 | 81.82 | OK | |
r-release-macos-arm64 | 1.1.1 | 64.00 | OK | |||
r-release-macos-x86_64 | 1.1.1 | 96.00 | OK | |||
r-release-windows-x86_64 | 1.1.1 | 42.00 | 97.00 | 139.00 | OK | |
r-oldrel-macos-arm64 | 1.1.1 | 50.00 | NOTE | |||
r-oldrel-macos-x86_64 | 1.1.1 | 134.00 | NOTE | |||
r-oldrel-windows-x86_64 | 1.1.1 | 50.00 | 107.00 | 157.00 | OK |
Version: 1.1.1
Check: installed package size
Result: NOTE
installed size is 7.7Mb
sub-directories of 1Mb or more:
data 2.8Mb
libs 3.9Mb
Flavors: r-oldrel-macos-arm64, r-oldrel-macos-x86_64