Last updated on 2025-11-26 17:49:48 CET.
| Flavor | Version | Tinstall | Tcheck | Ttotal | Status | Flags |
|---|---|---|---|---|---|---|
| r-devel-linux-x86_64-debian-clang | 1.0.1 | 2.37 | 24.63 | 27.00 | NOTE | |
| r-devel-linux-x86_64-debian-gcc | 1.0.1 | 1.80 | 19.69 | 21.49 | NOTE | |
| r-devel-linux-x86_64-fedora-clang | 1.0.1 | 41.11 | OK | |||
| r-devel-linux-x86_64-fedora-gcc | 1.0.1 | 38.27 | OK | |||
| r-devel-windows-x86_64 | 1.0.1 | 6.00 | 41.00 | 47.00 | OK | |
| r-patched-linux-x86_64 | 1.0.1 | 2.42 | 23.29 | 25.71 | OK | |
| r-release-linux-x86_64 | 1.0.1 | 1.95 | 23.16 | 25.11 | OK | |
| r-release-macos-arm64 | 1.0.1 | OK | ||||
| r-release-macos-x86_64 | 1.0.1 | 2.00 | 28.00 | 30.00 | OK | |
| r-release-windows-x86_64 | 1.0.1 | 3.00 | 47.00 | 50.00 | OK | |
| r-oldrel-macos-arm64 | 1.0.1 | OK | ||||
| r-oldrel-macos-x86_64 | 1.0.1 | 3.00 | 23.00 | 26.00 | OK | |
| r-oldrel-windows-x86_64 | 1.0.1 | 4.00 | 49.00 | 53.00 | OK |
Version: 1.0.1
Check: CRAN incoming feasibility
Result: NOTE
Maintainer: ‘Jo Hardin <jo.hardin@pomona.edu>’
No Authors@R field in DESCRIPTION.
Please add one, modifying
Authors@R: person(given = "Jo",
family = "Hardin",
role = c("aut", "cre"),
email = "jo.hardin@pomona.edu")
as necessary.
Flavors: r-devel-linux-x86_64-debian-clang, r-devel-linux-x86_64-debian-gcc