Last updated on 2025-10-26 21:50:56 CET.
| Flavor | Version | Tinstall | Tcheck | Ttotal | Status | Flags |
|---|---|---|---|---|---|---|
| r-devel-linux-x86_64-debian-clang | 0.7.1 | 135.05 | 156.86 | 291.91 | OK | |
| r-devel-linux-x86_64-debian-gcc | 0.7.1 | 108.34 | 117.85 | 226.19 | OK | |
| r-devel-linux-x86_64-fedora-clang | 0.7.1 | 600.00 | -92.31 | 507.69 | OK | |
| r-devel-linux-x86_64-fedora-gcc | 0.7.1 | 840.00 | -251.57 | 588.43 | OK | |
| r-devel-windows-x86_64 | 0.7.1 | 169.00 | 205.00 | 374.00 | OK | |
| r-patched-linux-x86_64 | 0.7.1 | 160.21 | 160.31 | 320.52 | OK | |
| r-release-linux-x86_64 | 0.7.1 | 155.11 | 160.48 | 315.59 | OK | |
| r-release-macos-arm64 | 0.7.1 | 60.00 | 84.00 | 144.00 | OK | |
| r-release-macos-x86_64 | 0.7.1 | 142.00 | 214.00 | 356.00 | OK | |
| r-release-windows-x86_64 | 0.7.1 | 172.00 | 208.00 | 380.00 | OK | |
| r-oldrel-macos-arm64 | 0.7.1 | 55.00 | 86.00 | 141.00 | NOTE | |
| r-oldrel-macos-x86_64 | 0.7.1 | 136.00 | 207.00 | 343.00 | NOTE | |
| r-oldrel-windows-x86_64 | 0.7.1 | 190.00 | 291.00 | 481.00 | NOTE |
Version: 0.7.1
Check: installed package size
Result: NOTE
installed size is 48.4Mb
sub-directories of 1Mb or more:
extdata 1.5Mb
libs 46.1Mb
Flavors: r-oldrel-macos-arm64, r-oldrel-macos-x86_64
Version: 0.7.1
Check: for GNU extensions in Makefiles
Result: NOTE
GNU make is a SystemRequirements.
Flavors: r-oldrel-macos-arm64, r-oldrel-macos-x86_64, r-oldrel-windows-x86_64