Last updated on 2025-07-23 21:51:38 CEST.
Flavor | Version | Tinstall | Tcheck | Ttotal | Status | Flags |
---|---|---|---|---|---|---|
r-devel-linux-x86_64-debian-clang | 1.1 | 20.27 | 120.75 | 141.02 | NOTE | |
r-devel-linux-x86_64-debian-gcc | 1.1 | 12.97 | 83.97 | 96.94 | NOTE | |
r-devel-linux-x86_64-fedora-clang | 1.1 | 220.01 | OK | |||
r-devel-linux-x86_64-fedora-gcc | 1.1 | 207.00 | OK | |||
r-devel-windows-x86_64 | 1.1 | 22.00 | 110.00 | 132.00 | OK | |
r-patched-linux-x86_64 | 1.1 | 20.68 | 113.67 | 134.35 | OK | |
r-release-linux-x86_64 | 1.1 | 23.05 | 113.28 | 136.33 | OK | |
r-release-macos-arm64 | 1.1 | 63.00 | OK | |||
r-release-macos-x86_64 | 1.1 | 104.00 | OK | |||
r-release-windows-x86_64 | 1.1 | 21.00 | 113.00 | 134.00 | OK | |
r-oldrel-macos-arm64 | 1.1 | 53.00 | OK | |||
r-oldrel-macos-x86_64 | 1.1 | 161.00 | OK | |||
r-oldrel-windows-x86_64 | 1.1 | 29.00 | 142.00 | 171.00 | OK |
Version: 1.1
Check: CRAN incoming feasibility
Result: NOTE
Maintainer: ‘Yingjie Feng <fengyingjiepku@gmail.com>’
No Authors@R field in DESCRIPTION.
Please add one, modifying
Authors@R: c(person(given = c("Matias", "D."),
family = "Cattaneo",
role = "aut"),
person(given = c("Richard", "K."),
family = "Crump",
role = "aut"),
person(given = c("Max", "H."),
family = "Farrell",
role = "aut"),
person(given = "Yingjie",
family = "Feng",
role = c("aut", "cre"),
email = "fengyingjiepku@gmail.com"))
as necessary.
Flavors: r-devel-linux-x86_64-debian-clang, r-devel-linux-x86_64-debian-gcc