Last updated on 2025-10-26 05:49:52 CET.
| Flavor | Version | Tinstall | Tcheck | Ttotal | Status | Flags |
|---|---|---|---|---|---|---|
| r-devel-linux-x86_64-debian-clang | 0.6.4 | 3.68 | 45.65 | 49.33 | NOTE | |
| r-devel-linux-x86_64-debian-gcc | 0.6.4 | 2.37 | 33.84 | 36.21 | NOTE | |
| r-devel-linux-x86_64-fedora-clang | 0.6.4 | 19.00 | 59.86 | 78.86 | OK | |
| r-devel-linux-x86_64-fedora-gcc | 0.6.4 | 74.32 | OK | |||
| r-devel-windows-x86_64 | 0.6.4 | 5.00 | 62.00 | 67.00 | OK | |
| r-patched-linux-x86_64 | 0.6.4 | 4.74 | 43.58 | 48.32 | OK | |
| r-release-linux-x86_64 | 0.6.4 | 3.75 | 43.39 | 47.14 | OK | |
| r-release-macos-arm64 | 0.6.4 | 2.00 | 28.00 | 30.00 | OK | |
| r-release-macos-x86_64 | 0.6.4 | 6.00 | 45.00 | 51.00 | OK | |
| r-release-windows-x86_64 | 0.6.4 | 5.00 | 63.00 | 68.00 | OK | |
| r-oldrel-macos-arm64 | 0.6.4 | 2.00 | 24.00 | 26.00 | NOTE | |
| r-oldrel-macos-x86_64 | 0.6.4 | 4.00 | 42.00 | 46.00 | NOTE | |
| r-oldrel-windows-x86_64 | 0.6.4 | 7.00 | 77.00 | 84.00 | NOTE |
Version: 0.6.4
Check: CRAN incoming feasibility
Result: NOTE
Maintainer: ‘Ruoqi Yu <ruoqiyu125@gmail.com>’
No Authors@R field in DESCRIPTION.
Please add one, modifying
Authors@R: person(given = "Ruoqi",
family = "Yu",
role = c("aut", "cre"),
email = "ruoqiyu125@gmail.com")
as necessary.
Flavors: r-devel-linux-x86_64-debian-clang, r-devel-linux-x86_64-debian-gcc
Version: 0.6.4
Check: package dependencies
Result: NOTE
Package suggested but not available for checking: ‘rrelaxiv’
Flavors: r-oldrel-macos-arm64, r-oldrel-macos-x86_64, r-oldrel-windows-x86_64