Last updated on 2025-11-26 17:49:48 CET.
| Flavor | Version | Tinstall | Tcheck | Ttotal | Status | Flags |
|---|---|---|---|---|---|---|
| r-devel-linux-x86_64-debian-clang | 1.0.7 | 287.29 | 85.96 | 373.25 | NOTE | |
| r-devel-linux-x86_64-debian-gcc | 1.0.7 | 295.42 | 104.41 | 399.83 | NOTE | |
| r-devel-linux-x86_64-fedora-clang | 1.0.7 | 291.00 | 354.58 | 645.58 | NOTE | |
| r-devel-linux-x86_64-fedora-gcc | 1.0.7 | 316.00 | 500.00 | 816.00 | NOTE | |
| r-devel-windows-x86_64 | 1.0.7 | 351.00 | 161.00 | 512.00 | NOTE | |
| r-patched-linux-x86_64 | 1.0.7 | 365.40 | 141.02 | 506.42 | NOTE | |
| r-release-linux-x86_64 | 1.0.7 | 375.80 | 140.48 | 516.28 | NOTE | |
| r-release-macos-arm64 | 1.0.7 | NOTE | ||||
| r-release-macos-x86_64 | 1.0.7 | 103.00 | 91.00 | 194.00 | NOTE | |
| r-release-windows-x86_64 | 1.0.7 | 336.00 | 175.00 | 511.00 | NOTE | |
| r-oldrel-macos-arm64 | 1.0.7 | NOTE | ||||
| r-oldrel-macos-x86_64 | 1.0.7 | 85.00 | 66.00 | 151.00 | NOTE | |
| r-oldrel-windows-x86_64 | 1.0.7 | 410.00 | 185.00 | 595.00 | NOTE |
Version: 1.0.7
Check: C++ specification
Result: NOTE
Specified C++11: please drop specification unless essential
Flavors: r-devel-linux-x86_64-debian-clang, r-devel-linux-x86_64-debian-gcc, r-devel-linux-x86_64-fedora-clang, r-devel-linux-x86_64-fedora-gcc, r-devel-windows-x86_64, r-patched-linux-x86_64, r-release-linux-x86_64, r-release-macos-arm64, r-release-macos-x86_64, r-release-windows-x86_64, r-oldrel-macos-arm64, r-oldrel-macos-x86_64, r-oldrel-windows-x86_64
Version: 1.0.7
Check: Rd files
Result: NOTE
checkRd: (-1) gen.data.Rd:42: Lost braces
42 | code{cortype = 2} denotes the constant structure, where the \eqn{(i,j)} entry of covariance
| ^
Flavors: r-devel-linux-x86_64-debian-clang, r-devel-linux-x86_64-debian-gcc, r-devel-linux-x86_64-fedora-clang, r-devel-linux-x86_64-fedora-gcc, r-devel-windows-x86_64, r-patched-linux-x86_64, r-release-linux-x86_64, r-release-macos-arm64, r-release-macos-x86_64, r-release-windows-x86_64, r-oldrel-macos-arm64, r-oldrel-macos-x86_64, r-oldrel-windows-x86_64
Version: 1.0.7
Check: installed package size
Result: NOTE
installed size is 63.9Mb
sub-directories of 1Mb or more:
data 2.7Mb
libs 60.7Mb
Flavors: r-oldrel-macos-arm64, r-oldrel-macos-x86_64